{"id":169,"date":"2018-09-14T11:59:43","date_gmt":"2018-09-14T11:59:43","guid":{"rendered":"http:\/\/varaviksne.rezeknesip.lv\/?page_id=169"},"modified":"2023-09-25T05:31:25","modified_gmt":"2023-09-25T05:31:25","slug":"macibas-2","status":"publish","type":"page","link":"https:\/\/varaviksne.rezeknesip.lv\/index.php\/macibas-4\/macibas-2\/","title":{"rendered":"Izgl\u012bt\u012bbas programma"},"content":{"rendered":"<p><a href=\"https:\/\/likumi.lv\/ta\/id\/303371\" target=\"_blank\" rel=\"noopener\">Vadl\u012bnijas<\/a><\/p>\n<p><a href=\"http:\/\/varaviksne.rezeknesip.lv\/wp-content\/uploads\/2019\/10\/Pirmsskolas-izgl\u012bt\u012bbas-programma-programmas-kods-01011111-1.pdf\" target=\"_blank\" rel=\"noopener\">Pirmsskolas izgl\u012bt\u012bbas programma (programmas kods 01011111)<\/a><\/p>\n<p><a href=\"http:\/\/varaviksne.rezeknesip.lv\/wp-content\/uploads\/2023\/09\/Izglitojamo-macibu-sasniegumu-vertesanas-kartiba-1.pdf\">Izgl\u012btojamo m\u0101c\u012bbu sasniegumu v\u0113rt\u0113\u0161anas k\u0101rt\u012bba<\/a><\/p>\n<p><a href=\"http:\/\/varaviksne.rezeknesip.lv\/wp-content\/uploads\/2020\/11\/K\u0100RT\u012aBA-PAR-IZGL\u012aTOJAMO-SPECI\u0100LO-VAJADZ\u012aBU-NOTEIK\u0160ANU-UN-INDIVIDU\u0100L\u0100-IZGL\u012aT\u012aBAS-PROGRAMMAS-APGUVES-PL\u0100NA-IZSTR\u0100DI-UN-\u012aSTENO\u0160ANU-2.pdf\" target=\"_blank\" rel=\"noopener\">K\u0100RT\u012aBA PAR IZGL\u012aTOJAMO SPECI\u0100LO VAJADZ\u012aBU NOTEIK\u0160ANU UN INDIVIDU\u0100L\u0100 IZGL\u012aT\u012aBAS PROGRAMMAS APGUVES PL\u0100NA IZSTR\u0100DI UN \u012aSTENO\u0160ANU<\/a><\/p>\n<p><a href=\"http:\/\/varaviksne.rezeknesip.lv\/wp-content\/uploads\/2021\/11\/Groz\u012bjumi-K\u0101rt\u012bb\u0101-par-izgl\u012btojamo-speci\u0101lo-vajadz\u012bbu-noteik\u0161anu-un-individu\u0101la-izgl\u012bt\u012bbas-programmas-apguves-pl\u0101na-izstr\u0101di-un-\u012bsteno\u0161anu.pdf\" target=\"_blank\" rel=\"noopener\">Groz\u012bjumi K\u0101rt\u012bb\u0101 par izgl\u012btojamo speci\u0101lo vajadz\u012bbu noteik\u0161anu un individu\u0101la izgl\u012bt\u012bbas programmas apguves pl\u0101na izstr\u0101di un \u012bsteno\u0161anu<\/a><\/p>\n<p><img loading=\"lazy\" decoding=\"async\" class=\"aligncenter size-full wp-image-3946\" src=\"http:\/\/varaviksne.rezeknesip.lv\/wp-content\/uploads\/2020\/11\/Plaka\u0304tsraksti\u0304s\u030canaiarroku.jpg\" alt=\"\" width=\"2480\" height=\"3508\" srcset=\"https:\/\/varaviksne.rezeknesip.lv\/wp-content\/uploads\/2020\/11\/Plaka\u0304tsraksti\u0304s\u030canaiarroku.jpg 2480w, https:\/\/varaviksne.rezeknesip.lv\/wp-content\/uploads\/2020\/11\/Plaka\u0304tsraksti\u0304s\u030canaiarroku-212x300.jpg 212w, https:\/\/varaviksne.rezeknesip.lv\/wp-content\/uploads\/2020\/11\/Plaka\u0304tsraksti\u0304s\u030canaiarroku-768x1086.jpg 768w, https:\/\/varaviksne.rezeknesip.lv\/wp-content\/uploads\/2020\/11\/Plaka\u0304tsraksti\u0304s\u030canaiarroku-724x1024.jpg 724w, https:\/\/varaviksne.rezeknesip.lv\/wp-content\/uploads\/2020\/11\/Plaka\u0304tsraksti\u0304s\u030canaiarroku-17x24.jpg 17w, https:\/\/varaviksne.rezeknesip.lv\/wp-content\/uploads\/2020\/11\/Plaka\u0304tsraksti\u0304s\u030canaiarroku-25x36.jpg 25w, https:\/\/varaviksne.rezeknesip.lv\/wp-content\/uploads\/2020\/11\/Plaka\u0304tsraksti\u0304s\u030canaiarroku-34x48.jpg 34w\" sizes=\"auto, (max-width: 2480px) 100vw, 2480px\" \/><\/p>\n<p><a href=\"http:\/\/varaviksne.rezeknesip.lv\/wp-content\/uploads\/2020\/11\/Izpetamapkartejovidi.pdf\" target=\"_blank\" rel=\"noopener\">Izp\u0113t\u0101m apk\u0101rt\u0113jo vidi (lejupl\u0101d\u0113t)<\/a><\/p>\n<p><a href=\"http:\/\/varaviksne.rezeknesip.lv\/wp-content\/uploads\/2020\/11\/Optima\u0304loprasmjusarakstsbe\u0304rniemno0-7gadiem.pdf\" target=\"_blank\" rel=\"noopener\">Optima\u0304lo prasmju saraksts be\u0304rniem no 0-7 gadiem (lejupl\u0101d\u0113t)<\/a><\/p>\n<p><a href=\"http:\/\/varaviksne.rezeknesip.lv\/wp-content\/uploads\/2020\/11\/Pamatprasmes.pdf\" target=\"_blank\" rel=\"noopener\">Optim\u0101lo pamatprasmju saraksts, kas nepiecie\u0161amas b\u0113rniem, uzs\u0101kot skolas gaitas (lejupl\u0101d\u0113t)<\/a><\/p>\n<p style=\"text-align: left;\"><a href=\"http:\/\/varaviksne.rezeknesip.lv\/wp-content\/uploads\/2021\/10\/Macities_draudzeties_speleties_pirmsskola_prezentacija_www_FINAL-1.pdf\" target=\"_blank\" rel=\"noopener\">M\u0101c\u012bties, draudz\u0113ties, spel\u0113ties pirmsskol\u0101 <\/a><\/p>\n<p style=\"text-align: left;\"><a href=\"http:\/\/varaviksne.rezeknesip.lv\/wp-content\/uploads\/2021\/10\/Ka_palidzet_bernam_pasam_risinat_problemas.pdf\" target=\"_blank\" rel=\"noopener\">K\u0101 pal\u012bdz\u0113t b\u0113rnam pa\u0161am risin\u0101t probl\u0113mas<\/a><\/p>\n<div id=\"i3x-cke__body_347ca9c14da3cc5b1fe1ebdbb10f15ea \">\n<p>Valsts ugunsdz\u0113s\u012bbas un gl\u0101b\u0161anas dienests pied\u0101v\u0101 elektroniskus izgl\u012btojo\u0161us materi\u0101lus par dro\u0161\u012bbu, pareizu r\u012bc\u012bbu \u0101rk\u0101rtas situ\u0101cij\u0101s, vienotos \u0101rk\u0101rtas pal\u012bdz\u012bbas izsaukumu numuru 112, \u012bpa\u0161i uzsverot to, kuros gad\u012bjumos ir j\u0101zvana uz t\u0101lru\u0146a numuru 112 (<a href=\"https:\/\/www.vugd.gov.lv\/lv\/izglitojosi-materiali-berniem-un-jauniesiem\" target=\"_blank\" rel=\"noopener\">https:\/\/www.vugd.gov.lv\/lv\/izglitojosi-materiali-berniem-un-jauniesiem<\/a>):<\/p>\n<ul>\n<li>Darba lapa pirmsskolai 3-5 g. \u201cVienotais \u0101rk\u0101rtas pal\u012bdz\u012bbas izsaukumu numurs 112\u201d\u00a0<a href=\"https:\/\/www.vugd.gov.lv\/lv\/media\/2193\/download\" target=\"_blank\" rel=\"noopener\">https:\/\/www.vugd.gov.lv\/lv\/media\/2193\/download<\/a><\/li>\n<li>Darba lapa pirmsskolai 3-5 g. \u201cPareiza r\u012bc\u012bba ugunsgr\u0113k\u0101\u201d\u00a0<a href=\"https:\/\/www.vugd.gov.lv\/lv\/media\/4482\/download\" target=\"_blank\" rel=\"noopener\">https:\/\/www.vugd.gov.lv\/lv\/media\/4482\/download<\/a><\/li>\n<li>Darba lapa pirmsskolai 6-7 g. \u201cVienotais \u0101rk\u0101rtas pal\u012bdz\u012bbas izsaukumu numurs 112\u201d\u00a0<a href=\"https:\/\/www.vugd.gov.lv\/lv\/media\/2195\/download\" target=\"_blank\" rel=\"noopener\">https:\/\/www.vugd.gov.lv\/lv\/media\/2195\/download<\/a><\/li>\n<li>Darba lapa pirmsskolai 6-7 g. \u201cPareiza r\u012bc\u012bba ugunsgr\u0113k\u0101\u201d\u00a0<a href=\"https:\/\/www.vugd.gov.lv\/lv\/media\/4485\/download\" target=\"_blank\" rel=\"noopener\">https:\/\/www.vugd.gov.lv\/lv\/media\/4485\/download<\/a><\/li>\n<li>112 kr\u0101sojam\u0101 lapa\u00a0<a href=\"https:\/\/www.vugd.gov.lv\/lv\/media\/2197\/download\" target=\"_blank\" rel=\"noopener\">https:\/\/www.vugd.gov.lv\/lv\/media\/2197\/download<\/a><\/li>\n<li>Darba lapa \u2013 dro\u0161\u012bbas sala\u00a0<a href=\"https:\/\/www.vugd.gov.lv\/lv\/media\/2199\/download\" target=\"_blank\" rel=\"noopener\">https:\/\/www.vugd.gov.lv\/lv\/media\/2199\/download<\/a><\/li>\n<li>PowerPoint prezent\u0101cija \u201cVienotais \u0101rk\u0101rtas pal\u012bdz\u012bbas izsaukumu numurs 112\u201d\u00a0<a href=\"https:\/\/www.vugd.gov.lv\/lv\/media\/2205\/download\" target=\"_blank\" rel=\"noopener\">https:\/\/www.vugd.gov.lv\/lv\/media\/2205\/download<\/a><\/li>\n<li>PowerPoint prezent\u0101cija \u201cUgunsgr\u0113ks\u201d\u00a0<a href=\"https:\/\/www.vugd.gov.lv\/lv\/media\/4470\/download\" target=\"_blank\" rel=\"noopener\">https:\/\/www.vugd.gov.lv\/lv\/media\/4470\/download<\/a><\/li>\n<li>Plak\u0101ts\u00a0 \u201cVai tu zini, k\u0101 r\u012bkoties \u0101rk\u0101rtas gad\u012bjumos?\u201d\u00a0<a href=\"https:\/\/www.vugd.gov.lv\/lv\/media\/1354\/download\" target=\"_blank\" rel=\"noopener\">https:\/\/www.vugd.gov.lv\/lv\/media\/1354\/download<\/a><\/li>\n<li>Buklets \u201cVai tu zini, k\u0101 r\u012bkoties \u0101rk\u0101rtas gad\u012bjumos?\u201d Informat\u012bvais materi\u0101ls iedz\u012bvot\u0101jiem par r\u012bc\u012bbu da\u017e\u0101du apdraud\u0113jumu gad\u012bjum\u0101\u00a0<a href=\"https:\/\/www.vugd.gov.lv\/lv\/media\/1351\/download\" target=\"_blank\" rel=\"noopener\">https:\/\/www.vugd.gov.lv\/lv\/media\/1351\/download<\/a><\/li>\n<\/ul>\n<\/div>\n<div id=\"i3x-cke__signature_top_0a43948010f16579498f9208e1c4470d \"><\/div>\n<p><a href=\"https:\/\/www.delfi.lv\/calis\/jaunumi\/bernu-histerijas-prieksvestnesi-sesas-pazimes-potencialai-katastrofai.d?id=53735497\" target=\"_blank\" rel=\"noopener\">B\u0113rnu hist\u0113rijas priek\u0161v\u0113stne\u0161i: se\u0161as paz\u012bmes potenci\u0101lai katastrofai\u00a0<\/a><\/p>\n","protected":false},"excerpt":{"rendered":"<p>Vadl\u012bnijas Pirmsskolas izgl\u012bt\u012bbas programma (programmas kods 01011111) Izgl\u012btojamo m\u0101c\u012bbu sasniegumu v\u0113rt\u0113\u0161anas k\u0101rt\u012bba K\u0100RT\u012aBA PAR IZGL\u012aTOJAMO SPECI\u0100LO VAJADZ\u012aBU NOTEIK\u0160ANU UN INDIVIDU\u0100L\u0100 IZGL\u012aT\u012aBAS PROGRAMMAS APGUVES PL\u0100NA IZSTR\u0100DI UN \u012aSTENO\u0160ANU Groz\u012bjumi K\u0101rt\u012bb\u0101 par izgl\u012btojamo speci\u0101lo vajadz\u012bbu noteik\u0161anu un individu\u0101la izgl\u012bt\u012bbas programmas apguves pl\u0101na izstr\u0101di un \u012bsteno\u0161anu Izp\u0113t\u0101m apk\u0101rt\u0113jo vidi (lejupl\u0101d\u0113t) Optima\u0304lo prasmju saraksts be\u0304rniem no 0-7 gadiem (lejupl\u0101d\u0113t) [&hellip;]<\/p>\n","protected":false},"author":1,"featured_media":0,"parent":178,"menu_order":0,"comment_status":"closed","ping_status":"closed","template":"","meta":{"footnotes":""},"class_list":["post-169","page","type-page","status-publish","hentry"],"_links":{"self":[{"href":"https:\/\/varaviksne.rezeknesip.lv\/index.php\/wp-json\/wp\/v2\/pages\/169","targetHints":{"allow":["GET"]}}],"collection":[{"href":"https:\/\/varaviksne.rezeknesip.lv\/index.php\/wp-json\/wp\/v2\/pages"}],"about":[{"href":"https:\/\/varaviksne.rezeknesip.lv\/index.php\/wp-json\/wp\/v2\/types\/page"}],"author":[{"embeddable":true,"href":"https:\/\/varaviksne.rezeknesip.lv\/index.php\/wp-json\/wp\/v2\/users\/1"}],"replies":[{"embeddable":true,"href":"https:\/\/varaviksne.rezeknesip.lv\/index.php\/wp-json\/wp\/v2\/comments?post=169"}],"version-history":[{"count":37,"href":"https:\/\/varaviksne.rezeknesip.lv\/index.php\/wp-json\/wp\/v2\/pages\/169\/revisions"}],"predecessor-version":[{"id":12505,"href":"https:\/\/varaviksne.rezeknesip.lv\/index.php\/wp-json\/wp\/v2\/pages\/169\/revisions\/12505"}],"up":[{"embeddable":true,"href":"https:\/\/varaviksne.rezeknesip.lv\/index.php\/wp-json\/wp\/v2\/pages\/178"}],"wp:attachment":[{"href":"https:\/\/varaviksne.rezeknesip.lv\/index.php\/wp-json\/wp\/v2\/media?parent=169"}],"curies":[{"name":"wp","href":"https:\/\/api.w.org\/{rel}","templated":true}]}}