{"id":17299,"date":"2025-02-05T13:38:25","date_gmt":"2025-02-05T10:38:25","guid":{"rendered":"http:\/\/varaviksne.rezeknesip.lv\/?page_id=17299"},"modified":"2025-02-07T15:17:47","modified_gmt":"2025-02-07T12:17:47","slug":"drosibas-jostu-lietosanai-ir-dzivibas-cena","status":"publish","type":"page","link":"https:\/\/varaviksne.rezeknesip.lv\/index.php\/drosibas-jostu-lietosanai-ir-dzivibas-cena\/","title":{"rendered":"Dro\u0161\u012bbas jostu lieto\u0161anai ir dz\u012bv\u012bbas cena"},"content":{"rendered":"<h2 style=\"text-align: center;\"><strong><span style=\"color: #ff0000;\">Dro\u0161\u012bbas jostu lieto\u0161anai ir dz\u012bv\u012bbas cena<\/span><\/strong><\/h2>\n<p>&nbsp;<\/p>\n<p><img loading=\"lazy\" decoding=\"async\" class=\"aligncenter size-full wp-image-17303\" src=\"http:\/\/varaviksne.rezeknesip.lv\/wp-content\/uploads\/2025\/02\/Spradzesanas_berni_parvadajumi.png\" alt=\"\" width=\"1414\" height=\"2000\" srcset=\"https:\/\/varaviksne.rezeknesip.lv\/wp-content\/uploads\/2025\/02\/Spradzesanas_berni_parvadajumi.png 1414w, https:\/\/varaviksne.rezeknesip.lv\/wp-content\/uploads\/2025\/02\/Spradzesanas_berni_parvadajumi-212x300.png 212w, https:\/\/varaviksne.rezeknesip.lv\/wp-content\/uploads\/2025\/02\/Spradzesanas_berni_parvadajumi-724x1024.png 724w, https:\/\/varaviksne.rezeknesip.lv\/wp-content\/uploads\/2025\/02\/Spradzesanas_berni_parvadajumi-768x1086.png 768w, https:\/\/varaviksne.rezeknesip.lv\/wp-content\/uploads\/2025\/02\/Spradzesanas_berni_parvadajumi-1086x1536.png 1086w, https:\/\/varaviksne.rezeknesip.lv\/wp-content\/uploads\/2025\/02\/Spradzesanas_berni_parvadajumi-17x24.png 17w, https:\/\/varaviksne.rezeknesip.lv\/wp-content\/uploads\/2025\/02\/Spradzesanas_berni_parvadajumi-25x36.png 25w, https:\/\/varaviksne.rezeknesip.lv\/wp-content\/uploads\/2025\/02\/Spradzesanas_berni_parvadajumi-34x48.png 34w\" sizes=\"auto, (max-width: 1414px) 100vw, 1414px\" \/><\/p>\n<p>&nbsp;<\/p>\n<p>&nbsp;<\/p>\n<p style=\"margin: 0cm; margin-bottom: .0001pt;\">V\u0113r\u0161am uzman\u012bbu, ka pat braucot ar sal\u012bdzino\u0161i mazu \u0101trumu &#8211; 50 km\/h, sadursmes br\u012bd\u012b cilv\u0113ks, kur\u0161 nav piespr\u0101dz\u0113jies, virz\u012bsies uz priek\u0161u ar sp\u0113ku, kas piel\u012bdzin\u0101ms aptuveni vienai tonnai, iztrieksies cauri priek\u0161\u0113jam stiklam vai sadrag\u0101s priek\u0161\u0101 s\u0113do\u0161\u0101 kr\u0113slu.<\/p>\n<p>&nbsp;<\/p>\n<p><img loading=\"lazy\" decoding=\"async\" class=\"aligncenter size-full wp-image-17311\" src=\"http:\/\/varaviksne.rezeknesip.lv\/wp-content\/uploads\/2025\/02\/NESTE-CSDD-jostas-presei-1191x842px.png\" alt=\"\" width=\"1191\" height=\"842\" srcset=\"https:\/\/varaviksne.rezeknesip.lv\/wp-content\/uploads\/2025\/02\/NESTE-CSDD-jostas-presei-1191x842px.png 1191w, https:\/\/varaviksne.rezeknesip.lv\/wp-content\/uploads\/2025\/02\/NESTE-CSDD-jostas-presei-1191x842px-300x212.png 300w, https:\/\/varaviksne.rezeknesip.lv\/wp-content\/uploads\/2025\/02\/NESTE-CSDD-jostas-presei-1191x842px-1024x724.png 1024w, https:\/\/varaviksne.rezeknesip.lv\/wp-content\/uploads\/2025\/02\/NESTE-CSDD-jostas-presei-1191x842px-768x543.png 768w, https:\/\/varaviksne.rezeknesip.lv\/wp-content\/uploads\/2025\/02\/NESTE-CSDD-jostas-presei-1191x842px-24x17.png 24w, https:\/\/varaviksne.rezeknesip.lv\/wp-content\/uploads\/2025\/02\/NESTE-CSDD-jostas-presei-1191x842px-36x25.png 36w, https:\/\/varaviksne.rezeknesip.lv\/wp-content\/uploads\/2025\/02\/NESTE-CSDD-jostas-presei-1191x842px-48x34.png 48w\" sizes=\"auto, (max-width: 1191px) 100vw, 1191px\" \/><\/p>\n<div style=\"width: 640px;\" class=\"wp-video\"><video class=\"wp-video-shortcode\" id=\"video-17299-1\" width=\"640\" height=\"360\" preload=\"metadata\" controls=\"controls\"><source type=\"video\/mp4\" src=\"http:\/\/varaviksne.rezeknesip.lv\/wp-content\/uploads\/2025\/02\/Piespradze-pareizi-\u2013-ciks-un-viss.mp4?_=1\" \/><a href=\"http:\/\/varaviksne.rezeknesip.lv\/wp-content\/uploads\/2025\/02\/Piespradze-pareizi-\u2013-ciks-un-viss.mp4\">http:\/\/varaviksne.rezeknesip.lv\/wp-content\/uploads\/2025\/02\/Piespradze-pareizi-\u2013-ciks-un-viss.mp4<\/a><\/video><\/div>\n<p>&nbsp;<\/p>\n<p><a href=\"https:\/\/www.csdd.lv\/jaunumi\/csdd-aizmugures-sedekli-piespradzejas-vien-katrs-tresais-pasazieris\" target=\"_blank\" rel=\"noopener\">https:\/\/www.csdd.lv\/jaunumi\/csdd-aizmugures-sedekli-piespradzejas-vien-katrs-tresais-pasazieris<\/a><\/p>\n<p>&nbsp;<\/p>\n<blockquote class=\"wp-embedded-content\" data-secret=\"hKJtzBEH9y\"><p><a href=\"https:\/\/www.octas.lv\/blog\/spradzejies-ari-aizmugure-csdd-akcija\/\">Spr\u0101dz\u0113jies ar\u012b aizmugur\u0113 &#8211; CSDD akcija<\/a><\/p><\/blockquote>\n<p><iframe loading=\"lazy\" class=\"wp-embedded-content\" sandbox=\"allow-scripts\" security=\"restricted\" style=\"position: absolute; visibility: hidden;\" title=\"&#8220;Spr\u0101dz\u0113jies ar\u012b aizmugur\u0113 &#8211; CSDD akcija&#8221; &#8212; Octas.lv blogs\" src=\"https:\/\/www.octas.lv\/blog\/spradzejies-ari-aizmugure-csdd-akcija\/embed\/#?secret=rkJGnu7XS8#?secret=hKJtzBEH9y\" data-secret=\"hKJtzBEH9y\" width=\"600\" height=\"338\" frameborder=\"0\" marginwidth=\"0\" marginheight=\"0\" scrolling=\"no\"><\/iframe><\/p>\n<p>&nbsp;<\/p>\n<p><a href=\"https:\/\/www.csdd.lv\/jaunumi\/csdd-piespradzesim-bernus-gadajot-par-vinu-drosibu\" target=\"_blank\" rel=\"noopener\">https:\/\/www.csdd.lv\/jaunumi\/csdd-piespradzesim-bernus-gadajot-par-vinu-drosibu<\/a><\/p>\n<p><a href=\"https:\/\/www.csdd.lv\/jaunumi\/piespradzejies-lai-dzivotu\" target=\"_blank\" rel=\"noopener\">https:\/\/www.csdd.lv\/jaunumi\/piespradzejies-lai-dzivotu<\/a><\/p>\n<p>&nbsp;<\/p>\n","protected":false},"excerpt":{"rendered":"<p>Dro\u0161\u012bbas jostu lieto\u0161anai ir dz\u012bv\u012bbas cena &nbsp; &nbsp; &nbsp; V\u0113r\u0161am uzman\u012bbu, ka pat braucot ar sal\u012bdzino\u0161i mazu \u0101trumu &#8211; 50 km\/h, sadursmes br\u012bd\u012b cilv\u0113ks, kur\u0161 nav piespr\u0101dz\u0113jies, virz\u012bsies uz priek\u0161u ar sp\u0113ku, kas piel\u012bdzin\u0101ms aptuveni vienai tonnai, iztrieksies cauri priek\u0161\u0113jam stiklam vai sadrag\u0101s priek\u0161\u0101 s\u0113do\u0161\u0101 kr\u0113slu. &nbsp; &nbsp; https:\/\/www.csdd.lv\/jaunumi\/csdd-aizmugures-sedekli-piespradzejas-vien-katrs-tresais-pasazieris &nbsp; Spr\u0101dz\u0113jies ar\u012b aizmugur\u0113 &#8211; CSDD [&hellip;]<\/p>\n","protected":false},"author":2,"featured_media":0,"parent":0,"menu_order":0,"comment_status":"closed","ping_status":"closed","template":"","meta":{"footnotes":""},"class_list":["post-17299","page","type-page","status-publish","hentry"],"_links":{"self":[{"href":"https:\/\/varaviksne.rezeknesip.lv\/index.php\/wp-json\/wp\/v2\/pages\/17299","targetHints":{"allow":["GET"]}}],"collection":[{"href":"https:\/\/varaviksne.rezeknesip.lv\/index.php\/wp-json\/wp\/v2\/pages"}],"about":[{"href":"https:\/\/varaviksne.rezeknesip.lv\/index.php\/wp-json\/wp\/v2\/types\/page"}],"author":[{"embeddable":true,"href":"https:\/\/varaviksne.rezeknesip.lv\/index.php\/wp-json\/wp\/v2\/users\/2"}],"replies":[{"embeddable":true,"href":"https:\/\/varaviksne.rezeknesip.lv\/index.php\/wp-json\/wp\/v2\/comments?post=17299"}],"version-history":[{"count":12,"href":"https:\/\/varaviksne.rezeknesip.lv\/index.php\/wp-json\/wp\/v2\/pages\/17299\/revisions"}],"predecessor-version":[{"id":17396,"href":"https:\/\/varaviksne.rezeknesip.lv\/index.php\/wp-json\/wp\/v2\/pages\/17299\/revisions\/17396"}],"wp:attachment":[{"href":"https:\/\/varaviksne.rezeknesip.lv\/index.php\/wp-json\/wp\/v2\/media?parent=17299"}],"curies":[{"name":"wp","href":"https:\/\/api.w.org\/{rel}","templated":true}]}}