{"id":195,"date":"2018-09-14T12:16:04","date_gmt":"2018-09-14T12:16:04","guid":{"rendered":"http:\/\/varaviksne.rezeknesip.lv\/?page_id=195"},"modified":"2022-02-04T11:27:03","modified_gmt":"2022-02-04T11:27:03","slug":"sports","status":"publish","type":"page","link":"https:\/\/varaviksne.rezeknesip.lv\/index.php\/macibas-4\/sports\/","title":{"rendered":"Sports"},"content":{"rendered":"<p><strong><em>B\u0113rnu kust\u012bbu\u00a0 sekm\u0113\u0161ana<\/em><\/strong><\/p>\n<p>\u0160obr\u012bd Latvij\u0101 notiek lielas p\u0101rmai\u0146as, kas saist\u012btas ar ekonomiskiem, demogr\u0101fiskiem izmai\u0146\u0101m, k\u0101 ar\u012b ar izgl\u012bt\u012bbas sist\u0113mas reformu. Tom\u0113r jaut\u0101jums par b\u0113rnu vesel\u012bbu, st\u0101ju un fizisko att\u012bst\u012bbu bija aktu\u0101ls k\u0101 agr\u0101k, t\u0101 ar\u012b tagad. Iesp\u0113ja akt\u012bvi darboties un izkust\u0113ties pal\u012bdz b\u0113rniem sevi emocion\u0101li l\u012bdzsvarot. Veicinot sporta nodarb\u012bbas kust\u012bbu prasmju att\u012bst\u012b\u0161anu (so\u013co\u0161ana, skrie\u0161ana, l\u0113k\u0161ana, r\u0101po\u0161ana, me\u0161ana un ripin\u0101\u0161ana) un sekm\u0113jot b\u0113rna fizisko sp\u0113ju att\u012bst\u012bbu (l\u012bdzsvars, \u0101trums, lokan\u012bba, sp\u0113ks un koordin\u0101cija) b\u0113rni k\u013c\u016bst br\u012bv\u0101ki, atrais\u012bt\u0101ki, paaugstin\u0101s\u00a0 kust\u012bbu aktivit\u0101te un veidojas pozit\u012bvs emocion\u0101lais noska\u0146ojums.<\/p>\n<p><img loading=\"lazy\" decoding=\"async\" class=\"aligncenter size-full wp-image-7873\" src=\"http:\/\/varaviksne.rezeknesip.lv\/wp-content\/uploads\/2022\/02\/IMG-20220202-WA0012.jpg\" alt=\"\" width=\"1196\" height=\"1600\" srcset=\"https:\/\/varaviksne.rezeknesip.lv\/wp-content\/uploads\/2022\/02\/IMG-20220202-WA0012.jpg 1196w, https:\/\/varaviksne.rezeknesip.lv\/wp-content\/uploads\/2022\/02\/IMG-20220202-WA0012-224x300.jpg 224w, https:\/\/varaviksne.rezeknesip.lv\/wp-content\/uploads\/2022\/02\/IMG-20220202-WA0012-768x1027.jpg 768w, https:\/\/varaviksne.rezeknesip.lv\/wp-content\/uploads\/2022\/02\/IMG-20220202-WA0012-765x1024.jpg 765w, https:\/\/varaviksne.rezeknesip.lv\/wp-content\/uploads\/2022\/02\/IMG-20220202-WA0012-18x24.jpg 18w, https:\/\/varaviksne.rezeknesip.lv\/wp-content\/uploads\/2022\/02\/IMG-20220202-WA0012-27x36.jpg 27w, https:\/\/varaviksne.rezeknesip.lv\/wp-content\/uploads\/2022\/02\/IMG-20220202-WA0012-36x48.jpg 36w\" sizes=\"auto, (max-width: 1196px) 100vw, 1196px\" \/><\/p>\n<p>&nbsp;<\/p>\n<p><img loading=\"lazy\" decoding=\"async\" class=\"aligncenter size-full wp-image-7869\" src=\"http:\/\/varaviksne.rezeknesip.lv\/wp-content\/uploads\/2022\/02\/IMG-20220202-WA0015.jpg\" alt=\"\" width=\"1200\" height=\"1600\" srcset=\"https:\/\/varaviksne.rezeknesip.lv\/wp-content\/uploads\/2022\/02\/IMG-20220202-WA0015.jpg 1200w, https:\/\/varaviksne.rezeknesip.lv\/wp-content\/uploads\/2022\/02\/IMG-20220202-WA0015-225x300.jpg 225w, https:\/\/varaviksne.rezeknesip.lv\/wp-content\/uploads\/2022\/02\/IMG-20220202-WA0015-768x1024.jpg 768w, https:\/\/varaviksne.rezeknesip.lv\/wp-content\/uploads\/2022\/02\/IMG-20220202-WA0015-18x24.jpg 18w, https:\/\/varaviksne.rezeknesip.lv\/wp-content\/uploads\/2022\/02\/IMG-20220202-WA0015-27x36.jpg 27w, https:\/\/varaviksne.rezeknesip.lv\/wp-content\/uploads\/2022\/02\/IMG-20220202-WA0015-36x48.jpg 36w\" sizes=\"auto, (max-width: 1200px) 100vw, 1200px\" \/><\/p>\n<p>&nbsp;<\/p>\n<p><img loading=\"lazy\" decoding=\"async\" class=\"aligncenter size-full wp-image-7143\" src=\"http:\/\/varaviksne.rezeknesip.lv\/wp-content\/uploads\/2021\/11\/20211111_112128.jpg\" alt=\"\" width=\"4624\" height=\"2084\" srcset=\"https:\/\/varaviksne.rezeknesip.lv\/wp-content\/uploads\/2021\/11\/20211111_112128.jpg 4624w, https:\/\/varaviksne.rezeknesip.lv\/wp-content\/uploads\/2021\/11\/20211111_112128-300x135.jpg 300w, https:\/\/varaviksne.rezeknesip.lv\/wp-content\/uploads\/2021\/11\/20211111_112128-768x346.jpg 768w, https:\/\/varaviksne.rezeknesip.lv\/wp-content\/uploads\/2021\/11\/20211111_112128-1024x462.jpg 1024w, https:\/\/varaviksne.rezeknesip.lv\/wp-content\/uploads\/2021\/11\/20211111_112128-24x11.jpg 24w, https:\/\/varaviksne.rezeknesip.lv\/wp-content\/uploads\/2021\/11\/20211111_112128-36x16.jpg 36w, https:\/\/varaviksne.rezeknesip.lv\/wp-content\/uploads\/2021\/11\/20211111_112128-48x22.jpg 48w\" sizes=\"auto, (max-width: 4624px) 100vw, 4624px\" \/><\/p>\n<p>&nbsp;<\/p>\n<p>&nbsp;<\/p>\n<p style=\"text-align: center;\"><strong><em><img loading=\"lazy\" decoding=\"async\" class=\"aligncenter size-full wp-image-7140\" src=\"http:\/\/varaviksne.rezeknesip.lv\/wp-content\/uploads\/2021\/11\/20211111_113034.jpg\" alt=\"\" width=\"4624\" height=\"2084\" srcset=\"https:\/\/varaviksne.rezeknesip.lv\/wp-content\/uploads\/2021\/11\/20211111_113034.jpg 4624w, https:\/\/varaviksne.rezeknesip.lv\/wp-content\/uploads\/2021\/11\/20211111_113034-300x135.jpg 300w, https:\/\/varaviksne.rezeknesip.lv\/wp-content\/uploads\/2021\/11\/20211111_113034-768x346.jpg 768w, https:\/\/varaviksne.rezeknesip.lv\/wp-content\/uploads\/2021\/11\/20211111_113034-1024x462.jpg 1024w, https:\/\/varaviksne.rezeknesip.lv\/wp-content\/uploads\/2021\/11\/20211111_113034-24x11.jpg 24w, https:\/\/varaviksne.rezeknesip.lv\/wp-content\/uploads\/2021\/11\/20211111_113034-36x16.jpg 36w, https:\/\/varaviksne.rezeknesip.lv\/wp-content\/uploads\/2021\/11\/20211111_113034-48x22.jpg 48w\" sizes=\"auto, (max-width: 4624px) 100vw, 4624px\" \/><\/em><\/strong><\/p>\n<p>&nbsp;<\/p>\n<p><img loading=\"lazy\" decoding=\"async\" class=\"aligncenter size-full wp-image-6930\" src=\"http:\/\/varaviksne.rezeknesip.lv\/wp-content\/uploads\/2021\/10\/20211020_145938.jpg\" alt=\"\" width=\"4624\" height=\"3468\" srcset=\"https:\/\/varaviksne.rezeknesip.lv\/wp-content\/uploads\/2021\/10\/20211020_145938.jpg 4624w, https:\/\/varaviksne.rezeknesip.lv\/wp-content\/uploads\/2021\/10\/20211020_145938-300x225.jpg 300w, https:\/\/varaviksne.rezeknesip.lv\/wp-content\/uploads\/2021\/10\/20211020_145938-768x576.jpg 768w, https:\/\/varaviksne.rezeknesip.lv\/wp-content\/uploads\/2021\/10\/20211020_145938-1024x768.jpg 1024w, https:\/\/varaviksne.rezeknesip.lv\/wp-content\/uploads\/2021\/10\/20211020_145938-24x18.jpg 24w, https:\/\/varaviksne.rezeknesip.lv\/wp-content\/uploads\/2021\/10\/20211020_145938-36x27.jpg 36w, https:\/\/varaviksne.rezeknesip.lv\/wp-content\/uploads\/2021\/10\/20211020_145938-48x36.jpg 48w\" sizes=\"auto, (max-width: 4624px) 100vw, 4624px\" \/><\/p>\n<p>&nbsp;<\/p>\n<p><img loading=\"lazy\" decoding=\"async\" class=\"aligncenter size-full wp-image-6813\" src=\"http:\/\/varaviksne.rezeknesip.lv\/wp-content\/uploads\/2021\/10\/IMG_20211014_1057212.jpg\" alt=\"\" width=\"4000\" height=\"2992\" srcset=\"https:\/\/varaviksne.rezeknesip.lv\/wp-content\/uploads\/2021\/10\/IMG_20211014_1057212.jpg 4000w, https:\/\/varaviksne.rezeknesip.lv\/wp-content\/uploads\/2021\/10\/IMG_20211014_1057212-300x224.jpg 300w, https:\/\/varaviksne.rezeknesip.lv\/wp-content\/uploads\/2021\/10\/IMG_20211014_1057212-768x574.jpg 768w, https:\/\/varaviksne.rezeknesip.lv\/wp-content\/uploads\/2021\/10\/IMG_20211014_1057212-1024x766.jpg 1024w, https:\/\/varaviksne.rezeknesip.lv\/wp-content\/uploads\/2021\/10\/IMG_20211014_1057212-24x18.jpg 24w, https:\/\/varaviksne.rezeknesip.lv\/wp-content\/uploads\/2021\/10\/IMG_20211014_1057212-36x27.jpg 36w, https:\/\/varaviksne.rezeknesip.lv\/wp-content\/uploads\/2021\/10\/IMG_20211014_1057212-48x36.jpg 48w\" sizes=\"auto, (max-width: 4000px) 100vw, 4000px\" \/><\/p>\n<p>&nbsp;<\/p>\n<p><img loading=\"lazy\" decoding=\"async\" class=\"aligncenter  wp-image-6533\" src=\"http:\/\/varaviksne.rezeknesip.lv\/wp-content\/uploads\/2021\/09\/IMG_20210929_085907.jpg\" alt=\"\" width=\"556\" height=\"741\" srcset=\"https:\/\/varaviksne.rezeknesip.lv\/wp-content\/uploads\/2021\/09\/IMG_20210929_085907.jpg 2736w, https:\/\/varaviksne.rezeknesip.lv\/wp-content\/uploads\/2021\/09\/IMG_20210929_085907-225x300.jpg 225w, https:\/\/varaviksne.rezeknesip.lv\/wp-content\/uploads\/2021\/09\/IMG_20210929_085907-768x1024.jpg 768w, https:\/\/varaviksne.rezeknesip.lv\/wp-content\/uploads\/2021\/09\/IMG_20210929_085907-18x24.jpg 18w, https:\/\/varaviksne.rezeknesip.lv\/wp-content\/uploads\/2021\/09\/IMG_20210929_085907-27x36.jpg 27w, https:\/\/varaviksne.rezeknesip.lv\/wp-content\/uploads\/2021\/09\/IMG_20210929_085907-36x48.jpg 36w\" sizes=\"auto, (max-width: 556px) 100vw, 556px\" \/><\/p>\n<p>&nbsp;<\/p>\n<p><img loading=\"lazy\" decoding=\"async\" class=\"aligncenter  wp-image-6477\" src=\"http:\/\/varaviksne.rezeknesip.lv\/wp-content\/uploads\/2021\/09\/IMG_20210927_101616.jpg\" alt=\"\" width=\"621\" height=\"286\" srcset=\"https:\/\/varaviksne.rezeknesip.lv\/wp-content\/uploads\/2021\/09\/IMG_20210927_101616.jpg 3264w, https:\/\/varaviksne.rezeknesip.lv\/wp-content\/uploads\/2021\/09\/IMG_20210927_101616-300x138.jpg 300w, https:\/\/varaviksne.rezeknesip.lv\/wp-content\/uploads\/2021\/09\/IMG_20210927_101616-768x354.jpg 768w, https:\/\/varaviksne.rezeknesip.lv\/wp-content\/uploads\/2021\/09\/IMG_20210927_101616-1024x472.jpg 1024w, https:\/\/varaviksne.rezeknesip.lv\/wp-content\/uploads\/2021\/09\/IMG_20210927_101616-24x11.jpg 24w, https:\/\/varaviksne.rezeknesip.lv\/wp-content\/uploads\/2021\/09\/IMG_20210927_101616-36x17.jpg 36w, https:\/\/varaviksne.rezeknesip.lv\/wp-content\/uploads\/2021\/09\/IMG_20210927_101616-48x22.jpg 48w\" sizes=\"auto, (max-width: 621px) 100vw, 621px\" \/><\/p>\n<p><img loading=\"lazy\" decoding=\"async\" class=\"aligncenter  wp-image-6466\" src=\"http:\/\/varaviksne.rezeknesip.lv\/wp-content\/uploads\/2021\/09\/IMG-20210923-WA0006.jpg\" alt=\"\" width=\"581\" height=\"484\" srcset=\"https:\/\/varaviksne.rezeknesip.lv\/wp-content\/uploads\/2021\/09\/IMG-20210923-WA0006.jpg 1440w, https:\/\/varaviksne.rezeknesip.lv\/wp-content\/uploads\/2021\/09\/IMG-20210923-WA0006-300x250.jpg 300w, https:\/\/varaviksne.rezeknesip.lv\/wp-content\/uploads\/2021\/09\/IMG-20210923-WA0006-768x640.jpg 768w, https:\/\/varaviksne.rezeknesip.lv\/wp-content\/uploads\/2021\/09\/IMG-20210923-WA0006-1024x853.jpg 1024w, https:\/\/varaviksne.rezeknesip.lv\/wp-content\/uploads\/2021\/09\/IMG-20210923-WA0006-24x20.jpg 24w, https:\/\/varaviksne.rezeknesip.lv\/wp-content\/uploads\/2021\/09\/IMG-20210923-WA0006-36x30.jpg 36w, https:\/\/varaviksne.rezeknesip.lv\/wp-content\/uploads\/2021\/09\/IMG-20210923-WA0006-48x40.jpg 48w\" sizes=\"auto, (max-width: 581px) 100vw, 581px\" \/><\/p>\n<p style=\"text-align: center;\"><strong><em>\u00a0<\/em><\/strong><\/p>\n<p><img loading=\"lazy\" decoding=\"async\" class=\"aligncenter  wp-image-5901\" src=\"http:\/\/varaviksne.rezeknesip.lv\/wp-content\/uploads\/2021\/07\/Attachment23.jpg\" alt=\"\" width=\"527\" height=\"1144\" srcset=\"https:\/\/varaviksne.rezeknesip.lv\/wp-content\/uploads\/2021\/07\/Attachment23.jpg 737w, https:\/\/varaviksne.rezeknesip.lv\/wp-content\/uploads\/2021\/07\/Attachment23-138x300.jpg 138w, https:\/\/varaviksne.rezeknesip.lv\/wp-content\/uploads\/2021\/07\/Attachment23-472x1024.jpg 472w, https:\/\/varaviksne.rezeknesip.lv\/wp-content\/uploads\/2021\/07\/Attachment23-11x24.jpg 11w, https:\/\/varaviksne.rezeknesip.lv\/wp-content\/uploads\/2021\/07\/Attachment23-17x36.jpg 17w, https:\/\/varaviksne.rezeknesip.lv\/wp-content\/uploads\/2021\/07\/Attachment23-22x48.jpg 22w\" sizes=\"auto, (max-width: 527px) 100vw, 527px\" \/><\/p>\n<p style=\"text-align: center;\"><strong><em>B\u0113rni akt\u012bvi piedal\u0101s R\u0113zeknes pils\u0113tas sporta pas\u0101kumos un citos pas\u0101kumos<\/em><\/strong><\/p>\n<p style=\"text-align: center;\"><strong><em><img loading=\"lazy\" decoding=\"async\" class=\"aligncenter  wp-image-6042\" src=\"http:\/\/varaviksne.rezeknesip.lv\/wp-content\/uploads\/2021\/07\/velo2.jpg\" alt=\"\" width=\"555\" height=\"453\" srcset=\"https:\/\/varaviksne.rezeknesip.lv\/wp-content\/uploads\/2021\/07\/velo2.jpg 2277w, https:\/\/varaviksne.rezeknesip.lv\/wp-content\/uploads\/2021\/07\/velo2-300x245.jpg 300w, https:\/\/varaviksne.rezeknesip.lv\/wp-content\/uploads\/2021\/07\/velo2-768x628.jpg 768w, https:\/\/varaviksne.rezeknesip.lv\/wp-content\/uploads\/2021\/07\/velo2-1024x837.jpg 1024w, https:\/\/varaviksne.rezeknesip.lv\/wp-content\/uploads\/2021\/07\/velo2-24x20.jpg 24w, https:\/\/varaviksne.rezeknesip.lv\/wp-content\/uploads\/2021\/07\/velo2-36x29.jpg 36w, https:\/\/varaviksne.rezeknesip.lv\/wp-content\/uploads\/2021\/07\/velo2-48x39.jpg 48w\" sizes=\"auto, (max-width: 555px) 100vw, 555px\" \/><\/em><\/strong><\/p>\n<p><img loading=\"lazy\" decoding=\"async\" class=\"aligncenter  wp-image-5711\" src=\"http:\/\/varaviksne.rezeknesip.lv\/wp-content\/uploads\/2021\/06\/Attachment5.jpg\" alt=\"\" width=\"543\" height=\"407\" srcset=\"https:\/\/varaviksne.rezeknesip.lv\/wp-content\/uploads\/2021\/06\/Attachment5.jpg 1600w, https:\/\/varaviksne.rezeknesip.lv\/wp-content\/uploads\/2021\/06\/Attachment5-300x225.jpg 300w, https:\/\/varaviksne.rezeknesip.lv\/wp-content\/uploads\/2021\/06\/Attachment5-768x576.jpg 768w, https:\/\/varaviksne.rezeknesip.lv\/wp-content\/uploads\/2021\/06\/Attachment5-1024x768.jpg 1024w, https:\/\/varaviksne.rezeknesip.lv\/wp-content\/uploads\/2021\/06\/Attachment5-24x18.jpg 24w, https:\/\/varaviksne.rezeknesip.lv\/wp-content\/uploads\/2021\/06\/Attachment5-36x27.jpg 36w, https:\/\/varaviksne.rezeknesip.lv\/wp-content\/uploads\/2021\/06\/Attachment5-48x36.jpg 48w\" sizes=\"auto, (max-width: 543px) 100vw, 543px\" \/> <img loading=\"lazy\" decoding=\"async\" class=\"aligncenter  wp-image-5710\" src=\"http:\/\/varaviksne.rezeknesip.lv\/wp-content\/uploads\/2021\/06\/Attachment6.jpg\" alt=\"\" width=\"528\" height=\"396\" srcset=\"https:\/\/varaviksne.rezeknesip.lv\/wp-content\/uploads\/2021\/06\/Attachment6.jpg 1600w, https:\/\/varaviksne.rezeknesip.lv\/wp-content\/uploads\/2021\/06\/Attachment6-300x225.jpg 300w, https:\/\/varaviksne.rezeknesip.lv\/wp-content\/uploads\/2021\/06\/Attachment6-768x576.jpg 768w, https:\/\/varaviksne.rezeknesip.lv\/wp-content\/uploads\/2021\/06\/Attachment6-1024x768.jpg 1024w, https:\/\/varaviksne.rezeknesip.lv\/wp-content\/uploads\/2021\/06\/Attachment6-24x18.jpg 24w, https:\/\/varaviksne.rezeknesip.lv\/wp-content\/uploads\/2021\/06\/Attachment6-36x27.jpg 36w, https:\/\/varaviksne.rezeknesip.lv\/wp-content\/uploads\/2021\/06\/Attachment6-48x36.jpg 48w\" sizes=\"auto, (max-width: 528px) 100vw, 528px\" \/><\/p>\n<p><img loading=\"lazy\" decoding=\"async\" class=\"aligncenter  wp-image-5628\" src=\"http:\/\/varaviksne.rezeknesip.lv\/wp-content\/uploads\/2021\/05\/IMG_20210528_112257.jpg\" alt=\"\" width=\"537\" height=\"403\" srcset=\"https:\/\/varaviksne.rezeknesip.lv\/wp-content\/uploads\/2021\/05\/IMG_20210528_112257.jpg 4160w, https:\/\/varaviksne.rezeknesip.lv\/wp-content\/uploads\/2021\/05\/IMG_20210528_112257-300x225.jpg 300w, https:\/\/varaviksne.rezeknesip.lv\/wp-content\/uploads\/2021\/05\/IMG_20210528_112257-768x576.jpg 768w, https:\/\/varaviksne.rezeknesip.lv\/wp-content\/uploads\/2021\/05\/IMG_20210528_112257-1024x768.jpg 1024w, https:\/\/varaviksne.rezeknesip.lv\/wp-content\/uploads\/2021\/05\/IMG_20210528_112257-24x18.jpg 24w, https:\/\/varaviksne.rezeknesip.lv\/wp-content\/uploads\/2021\/05\/IMG_20210528_112257-36x27.jpg 36w, https:\/\/varaviksne.rezeknesip.lv\/wp-content\/uploads\/2021\/05\/IMG_20210528_112257-48x36.jpg 48w\" sizes=\"auto, (max-width: 537px) 100vw, 537px\" \/> <img loading=\"lazy\" decoding=\"async\" class=\"aligncenter  wp-image-5627\" src=\"http:\/\/varaviksne.rezeknesip.lv\/wp-content\/uploads\/2021\/05\/IMG_20210528_110305.jpg\" alt=\"\" width=\"511\" height=\"719\" srcset=\"https:\/\/varaviksne.rezeknesip.lv\/wp-content\/uploads\/2021\/05\/IMG_20210528_110305.jpg 2683w, https:\/\/varaviksne.rezeknesip.lv\/wp-content\/uploads\/2021\/05\/IMG_20210528_110305-213x300.jpg 213w, https:\/\/varaviksne.rezeknesip.lv\/wp-content\/uploads\/2021\/05\/IMG_20210528_110305-768x1081.jpg 768w, https:\/\/varaviksne.rezeknesip.lv\/wp-content\/uploads\/2021\/05\/IMG_20210528_110305-727x1024.jpg 727w, https:\/\/varaviksne.rezeknesip.lv\/wp-content\/uploads\/2021\/05\/IMG_20210528_110305-17x24.jpg 17w, https:\/\/varaviksne.rezeknesip.lv\/wp-content\/uploads\/2021\/05\/IMG_20210528_110305-26x36.jpg 26w, https:\/\/varaviksne.rezeknesip.lv\/wp-content\/uploads\/2021\/05\/IMG_20210528_110305-34x48.jpg 34w\" sizes=\"auto, (max-width: 511px) 100vw, 511px\" \/> <img loading=\"lazy\" decoding=\"async\" class=\"aligncenter size-full wp-image-5624\" src=\"http:\/\/varaviksne.rezeknesip.lv\/wp-content\/uploads\/2021\/05\/IMG-20210528-WA0025.jpg\" alt=\"\" width=\"305\" height=\"730\" srcset=\"https:\/\/varaviksne.rezeknesip.lv\/wp-content\/uploads\/2021\/05\/IMG-20210528-WA0025.jpg 305w, https:\/\/varaviksne.rezeknesip.lv\/wp-content\/uploads\/2021\/05\/IMG-20210528-WA0025-125x300.jpg 125w, https:\/\/varaviksne.rezeknesip.lv\/wp-content\/uploads\/2021\/05\/IMG-20210528-WA0025-10x24.jpg 10w, https:\/\/varaviksne.rezeknesip.lv\/wp-content\/uploads\/2021\/05\/IMG-20210528-WA0025-15x36.jpg 15w, https:\/\/varaviksne.rezeknesip.lv\/wp-content\/uploads\/2021\/05\/IMG-20210528-WA0025-20x48.jpg 20w\" sizes=\"auto, (max-width: 305px) 100vw, 305px\" \/><\/p>\n<p><img loading=\"lazy\" decoding=\"async\" class=\"aligncenter  wp-image-5626\" src=\"http:\/\/varaviksne.rezeknesip.lv\/wp-content\/uploads\/2021\/05\/IMG_20210528_110309.jpg\" alt=\"\" width=\"482\" height=\"673\" srcset=\"https:\/\/varaviksne.rezeknesip.lv\/wp-content\/uploads\/2021\/05\/IMG_20210528_110309.jpg 2550w, https:\/\/varaviksne.rezeknesip.lv\/wp-content\/uploads\/2021\/05\/IMG_20210528_110309-215x300.jpg 215w, https:\/\/varaviksne.rezeknesip.lv\/wp-content\/uploads\/2021\/05\/IMG_20210528_110309-768x1071.jpg 768w, https:\/\/varaviksne.rezeknesip.lv\/wp-content\/uploads\/2021\/05\/IMG_20210528_110309-734x1024.jpg 734w, https:\/\/varaviksne.rezeknesip.lv\/wp-content\/uploads\/2021\/05\/IMG_20210528_110309-17x24.jpg 17w, https:\/\/varaviksne.rezeknesip.lv\/wp-content\/uploads\/2021\/05\/IMG_20210528_110309-26x36.jpg 26w, https:\/\/varaviksne.rezeknesip.lv\/wp-content\/uploads\/2021\/05\/IMG_20210528_110309-34x48.jpg 34w\" sizes=\"auto, (max-width: 482px) 100vw, 482px\" \/><\/p>\n<p><img loading=\"lazy\" decoding=\"async\" class=\"aligncenter  wp-image-5300\" src=\"http:\/\/varaviksne.rezeknesip.lv\/wp-content\/uploads\/2021\/04\/IMG-20210502-WA0017.jpg\" alt=\"\" width=\"511\" height=\"682\" srcset=\"https:\/\/varaviksne.rezeknesip.lv\/wp-content\/uploads\/2021\/04\/IMG-20210502-WA0017.jpg 1200w, https:\/\/varaviksne.rezeknesip.lv\/wp-content\/uploads\/2021\/04\/IMG-20210502-WA0017-225x300.jpg 225w, https:\/\/varaviksne.rezeknesip.lv\/wp-content\/uploads\/2021\/04\/IMG-20210502-WA0017-768x1024.jpg 768w, https:\/\/varaviksne.rezeknesip.lv\/wp-content\/uploads\/2021\/04\/IMG-20210502-WA0017-18x24.jpg 18w, https:\/\/varaviksne.rezeknesip.lv\/wp-content\/uploads\/2021\/04\/IMG-20210502-WA0017-27x36.jpg 27w, https:\/\/varaviksne.rezeknesip.lv\/wp-content\/uploads\/2021\/04\/IMG-20210502-WA0017-36x48.jpg 36w\" sizes=\"auto, (max-width: 511px) 100vw, 511px\" \/> <img loading=\"lazy\" decoding=\"async\" class=\"aligncenter  wp-image-5324\" src=\"http:\/\/varaviksne.rezeknesip.lv\/wp-content\/uploads\/2021\/04\/IMG-20210505-WA0015.jpg\" alt=\"\" width=\"517\" height=\"689\" srcset=\"https:\/\/varaviksne.rezeknesip.lv\/wp-content\/uploads\/2021\/04\/IMG-20210505-WA0015.jpg 1200w, https:\/\/varaviksne.rezeknesip.lv\/wp-content\/uploads\/2021\/04\/IMG-20210505-WA0015-225x300.jpg 225w, https:\/\/varaviksne.rezeknesip.lv\/wp-content\/uploads\/2021\/04\/IMG-20210505-WA0015-768x1024.jpg 768w, https:\/\/varaviksne.rezeknesip.lv\/wp-content\/uploads\/2021\/04\/IMG-20210505-WA0015-18x24.jpg 18w, https:\/\/varaviksne.rezeknesip.lv\/wp-content\/uploads\/2021\/04\/IMG-20210505-WA0015-27x36.jpg 27w, https:\/\/varaviksne.rezeknesip.lv\/wp-content\/uploads\/2021\/04\/IMG-20210505-WA0015-36x48.jpg 36w\" sizes=\"auto, (max-width: 517px) 100vw, 517px\" \/> <img loading=\"lazy\" decoding=\"async\" class=\"aligncenter  wp-image-5260\" src=\"http:\/\/varaviksne.rezeknesip.lv\/wp-content\/uploads\/2021\/04\/20210428_091216-e1619710930333.jpg\" alt=\"\" width=\"524\" height=\"699\" srcset=\"https:\/\/varaviksne.rezeknesip.lv\/wp-content\/uploads\/2021\/04\/20210428_091216-e1619710930333.jpg 3096w, https:\/\/varaviksne.rezeknesip.lv\/wp-content\/uploads\/2021\/04\/20210428_091216-e1619710930333-225x300.jpg 225w, https:\/\/varaviksne.rezeknesip.lv\/wp-content\/uploads\/2021\/04\/20210428_091216-e1619710930333-768x1024.jpg 768w, https:\/\/varaviksne.rezeknesip.lv\/wp-content\/uploads\/2021\/04\/20210428_091216-e1619710930333-18x24.jpg 18w, https:\/\/varaviksne.rezeknesip.lv\/wp-content\/uploads\/2021\/04\/20210428_091216-e1619710930333-27x36.jpg 27w, https:\/\/varaviksne.rezeknesip.lv\/wp-content\/uploads\/2021\/04\/20210428_091216-e1619710930333-36x48.jpg 36w\" sizes=\"auto, (max-width: 524px) 100vw, 524px\" \/><\/p>\n<p><strong>Ar b\u0113rniem str\u0101d\u0101 sporta skolot\u0101ja Di\u0101na \u0160tokmane.<\/strong><\/p>\n","protected":false},"excerpt":{"rendered":"<p>B\u0113rnu kust\u012bbu\u00a0 sekm\u0113\u0161ana \u0160obr\u012bd Latvij\u0101 notiek lielas p\u0101rmai\u0146as, kas saist\u012btas ar ekonomiskiem, demogr\u0101fiskiem izmai\u0146\u0101m, k\u0101 ar\u012b ar izgl\u012bt\u012bbas sist\u0113mas reformu. Tom\u0113r jaut\u0101jums par b\u0113rnu vesel\u012bbu, st\u0101ju un fizisko att\u012bst\u012bbu bija aktu\u0101ls k\u0101 agr\u0101k, t\u0101 ar\u012b tagad. Iesp\u0113ja akt\u012bvi darboties un izkust\u0113ties pal\u012bdz b\u0113rniem sevi emocion\u0101li l\u012bdzsvarot. Veicinot sporta nodarb\u012bbas kust\u012bbu prasmju att\u012bst\u012b\u0161anu (so\u013co\u0161ana, skrie\u0161ana, l\u0113k\u0161ana, [&hellip;]<\/p>\n","protected":false},"author":1,"featured_media":0,"parent":178,"menu_order":0,"comment_status":"closed","ping_status":"closed","template":"","meta":{"footnotes":""},"class_list":["post-195","page","type-page","status-publish","hentry"],"_links":{"self":[{"href":"https:\/\/varaviksne.rezeknesip.lv\/index.php\/wp-json\/wp\/v2\/pages\/195","targetHints":{"allow":["GET"]}}],"collection":[{"href":"https:\/\/varaviksne.rezeknesip.lv\/index.php\/wp-json\/wp\/v2\/pages"}],"about":[{"href":"https:\/\/varaviksne.rezeknesip.lv\/index.php\/wp-json\/wp\/v2\/types\/page"}],"author":[{"embeddable":true,"href":"https:\/\/varaviksne.rezeknesip.lv\/index.php\/wp-json\/wp\/v2\/users\/1"}],"replies":[{"embeddable":true,"href":"https:\/\/varaviksne.rezeknesip.lv\/index.php\/wp-json\/wp\/v2\/comments?post=195"}],"version-history":[{"count":15,"href":"https:\/\/varaviksne.rezeknesip.lv\/index.php\/wp-json\/wp\/v2\/pages\/195\/revisions"}],"predecessor-version":[{"id":7940,"href":"https:\/\/varaviksne.rezeknesip.lv\/index.php\/wp-json\/wp\/v2\/pages\/195\/revisions\/7940"}],"up":[{"embeddable":true,"href":"https:\/\/varaviksne.rezeknesip.lv\/index.php\/wp-json\/wp\/v2\/pages\/178"}],"wp:attachment":[{"href":"https:\/\/varaviksne.rezeknesip.lv\/index.php\/wp-json\/wp\/v2\/media?parent=195"}],"curies":[{"name":"wp","href":"https:\/\/api.w.org\/{rel}","templated":true}]}}