{"id":227,"date":"2018-11-12T15:05:29","date_gmt":"2018-11-12T15:05:29","guid":{"rendered":"http:\/\/varaviksne.rezeknesip.lv\/?page_id=227"},"modified":"2024-11-07T16:44:37","modified_gmt":"2024-11-07T13:44:37","slug":"kolektivs","status":"publish","type":"page","link":"https:\/\/varaviksne.rezeknesip.lv\/index.php\/par-mums\/kolektivs\/","title":{"rendered":"Kolekt\u012bvs"},"content":{"rendered":"<p>&nbsp;<\/p>\n<p><img loading=\"lazy\" decoding=\"async\" class=\"aligncenter size-full wp-image-16400\" src=\"http:\/\/varaviksne.rezeknesip.lv\/wp-content\/uploads\/2024\/11\/2023g-bilde-scaled.jpg\" alt=\"\" width=\"2560\" height=\"1679\" srcset=\"https:\/\/varaviksne.rezeknesip.lv\/wp-content\/uploads\/2024\/11\/2023g-bilde-scaled.jpg 2560w, https:\/\/varaviksne.rezeknesip.lv\/wp-content\/uploads\/2024\/11\/2023g-bilde-300x197.jpg 300w, https:\/\/varaviksne.rezeknesip.lv\/wp-content\/uploads\/2024\/11\/2023g-bilde-1024x672.jpg 1024w, https:\/\/varaviksne.rezeknesip.lv\/wp-content\/uploads\/2024\/11\/2023g-bilde-768x504.jpg 768w, https:\/\/varaviksne.rezeknesip.lv\/wp-content\/uploads\/2024\/11\/2023g-bilde-1536x1008.jpg 1536w, https:\/\/varaviksne.rezeknesip.lv\/wp-content\/uploads\/2024\/11\/2023g-bilde-2048x1344.jpg 2048w, https:\/\/varaviksne.rezeknesip.lv\/wp-content\/uploads\/2024\/11\/2023g-bilde-24x16.jpg 24w, https:\/\/varaviksne.rezeknesip.lv\/wp-content\/uploads\/2024\/11\/2023g-bilde-36x24.jpg 36w, https:\/\/varaviksne.rezeknesip.lv\/wp-content\/uploads\/2024\/11\/2023g-bilde-48x31.jpg 48w\" sizes=\"auto, (max-width: 2560px) 100vw, 2560px\" \/><\/p>\n<p>&nbsp;<\/p>\n<p><img loading=\"lazy\" decoding=\"async\" class=\"aligncenter wp-image-442 size-full\" src=\"http:\/\/varaviksne.rezeknesip.lv\/wp-content\/uploads\/2019\/10\/stends.jpg\" alt=\"\" width=\"2362\" height=\"1772\" srcset=\"https:\/\/varaviksne.rezeknesip.lv\/wp-content\/uploads\/2019\/10\/stends.jpg 2362w, https:\/\/varaviksne.rezeknesip.lv\/wp-content\/uploads\/2019\/10\/stends-300x225.jpg 300w, https:\/\/varaviksne.rezeknesip.lv\/wp-content\/uploads\/2019\/10\/stends-768x576.jpg 768w, https:\/\/varaviksne.rezeknesip.lv\/wp-content\/uploads\/2019\/10\/stends-1024x768.jpg 1024w, https:\/\/varaviksne.rezeknesip.lv\/wp-content\/uploads\/2019\/10\/stends-24x18.jpg 24w, https:\/\/varaviksne.rezeknesip.lv\/wp-content\/uploads\/2019\/10\/stends-36x27.jpg 36w, https:\/\/varaviksne.rezeknesip.lv\/wp-content\/uploads\/2019\/10\/stends-48x36.jpg 48w\" sizes=\"auto, (max-width: 2362px) 100vw, 2362px\" \/><\/p>\n<p>Iest\u0101d\u0113 str\u0101d\u0101 14 pedago\u0123iskie darbinieki (iest\u0101des vad\u012bt\u0101ja, izgl\u012bt\u012bbas metodi\u0137e, 9 pirmsskolas skolot\u0101jas, sporta skolot\u0101js, m\u016bzikas skolot\u0101ja, logop\u0113de)<\/p>\n<p>un 14 tehniskie darbinieki (saimniec\u012bbas vad\u012bt\u0101ja, iest\u0101des m\u0101sa, 2 pav\u0101ri, virtuves str\u0101dniece, 6 skolot\u0101ju pal\u012bgi, ve\u013cas p\u0101rzine, tehniskais str\u0101dnieks, s\u0113tnieks).<\/p>\n<p>&nbsp;<\/p>\n","protected":false},"excerpt":{"rendered":"<p>&nbsp; &nbsp; Iest\u0101d\u0113 str\u0101d\u0101 14 pedago\u0123iskie darbinieki (iest\u0101des vad\u012bt\u0101ja, izgl\u012bt\u012bbas metodi\u0137e, 9 pirmsskolas skolot\u0101jas, sporta skolot\u0101js, m\u016bzikas skolot\u0101ja, logop\u0113de) un 14 tehniskie darbinieki (saimniec\u012bbas vad\u012bt\u0101ja, iest\u0101des m\u0101sa, 2 pav\u0101ri, virtuves str\u0101dniece, 6 skolot\u0101ju pal\u012bgi, ve\u013cas p\u0101rzine, tehniskais str\u0101dnieks, s\u0113tnieks). &nbsp;<\/p>\n","protected":false},"author":1,"featured_media":0,"parent":241,"menu_order":0,"comment_status":"closed","ping_status":"closed","template":"","meta":{"footnotes":""},"class_list":["post-227","page","type-page","status-publish","hentry"],"_links":{"self":[{"href":"https:\/\/varaviksne.rezeknesip.lv\/index.php\/wp-json\/wp\/v2\/pages\/227","targetHints":{"allow":["GET"]}}],"collection":[{"href":"https:\/\/varaviksne.rezeknesip.lv\/index.php\/wp-json\/wp\/v2\/pages"}],"about":[{"href":"https:\/\/varaviksne.rezeknesip.lv\/index.php\/wp-json\/wp\/v2\/types\/page"}],"author":[{"embeddable":true,"href":"https:\/\/varaviksne.rezeknesip.lv\/index.php\/wp-json\/wp\/v2\/users\/1"}],"replies":[{"embeddable":true,"href":"https:\/\/varaviksne.rezeknesip.lv\/index.php\/wp-json\/wp\/v2\/comments?post=227"}],"version-history":[{"count":7,"href":"https:\/\/varaviksne.rezeknesip.lv\/index.php\/wp-json\/wp\/v2\/pages\/227\/revisions"}],"predecessor-version":[{"id":16401,"href":"https:\/\/varaviksne.rezeknesip.lv\/index.php\/wp-json\/wp\/v2\/pages\/227\/revisions\/16401"}],"up":[{"embeddable":true,"href":"https:\/\/varaviksne.rezeknesip.lv\/index.php\/wp-json\/wp\/v2\/pages\/241"}],"wp:attachment":[{"href":"https:\/\/varaviksne.rezeknesip.lv\/index.php\/wp-json\/wp\/v2\/media?parent=227"}],"curies":[{"name":"wp","href":"https:\/\/api.w.org\/{rel}","templated":true}]}}