{"id":254,"date":"2018-11-13T08:56:53","date_gmt":"2018-11-13T08:56:53","guid":{"rendered":"http:\/\/varaviksne.rezeknesip.lv\/?page_id=254"},"modified":"2025-12-05T10:10:23","modified_gmt":"2025-12-05T07:10:23","slug":"caleni","status":"publish","type":"page","link":"https:\/\/varaviksne.rezeknesip.lv\/index.php\/grupas\/caleni\/","title":{"rendered":"C\u0101l\u0113ni"},"content":{"rendered":"<p style=\"text-align: center;\"><strong>\u00a0<\/strong><strong>Grupa \u201eC\u0101l\u0113ni\u201d <\/strong><\/p>\n<p>Grup\u0101 str\u0101d\u0101:<\/p>\n<ul>\n<li><strong>Oksana Gruznova,<\/strong>\u00a0pirmsskolas skolot\u0101ja;<\/li>\n<li><strong>Irina Litvjakova<\/strong>, pirmsskolas skolot\u0101ja;<\/li>\n<li><strong>Sintija Vilc\u0101ne<\/strong>, pirmsskolas skolot\u0101ja pal\u012bgs.<\/li>\n<\/ul>\n<p>Grupu apmekl\u0113 4 gadus veci b\u0113rni. Grupas \u201e C\u0101l\u0113ni\u201d dienas gait\u0101s \u012bpa\u0161a v\u0113r\u012bba tiek piev\u0113rsta latvie\u0161u valodas apguvei. Bie\u017ei, k\u0101 l\u012bdzeklis latvie\u0161u valodas apguvei, tiek izmantotas muzik\u0101las rota\u013cas, ar kuru pal\u012bdz\u012bbu tiek att\u012bst\u012btas lingvistisk\u0101s, matem\u0101tisk\u0101s, telpisk\u0101s, saskarsmes un citas b\u0113rniem nepiecie\u0161am\u0101s prasmes. Katrs r\u012bts grup\u0101 s\u0101kas ar muzik\u0101lu, kust\u012bgu r\u012bta apli. Da\u017e\u0101das muzik\u0101las kust\u012bbu rota\u013cas tiek izmantotas visas dienas garum\u0101.<\/p>\n<ul>\n<li>Grup\u0101 tiek svin\u0113tas dzim\u0161anas dienas, gadsk\u0101rtu sv\u0113tki, latvie\u0161u tradicion\u0101lie un valsts sv\u0113tki, t\u0101di k\u0101, M\u0101rti\u0146i, Latvijas Valsts dzim\u0161anas diena, Mete\u0146i J\u0101\u0146i, Ziemassv\u0113tki u.c., Sv\u0113tki bie\u017ei tiek r\u012bkoti dodoties ciemos pie blakus grupas b\u0113rniem, vai, uz\u0146emot ciemi\u0146us, sav\u0101 grup\u0101, t\u0101d\u0101 veid\u0101 att\u012bstot b\u0113rniem sadarb\u012bbas prasmes. B\u0113rniem tiek audzin\u0101ta m\u012blest\u012bba pret savu \u0123imeni, draugiem, dz\u012bvniekiem, dabu un Latviju.<\/li>\n<li>Grup\u0101 b\u0113rni un pedagogi darbojas p\u0113c kompeten\u010du pieejas. M\u0101c\u012bbas notiek integr\u0113ti un caur rota\u013c\u0101m, padarot t\u0101s par pat\u012bkam\u0101ko dienas da\u013cu. M\u0101c\u012bbu process norit visas dienas garum\u0101. Liela uzman\u012bba tiek piev\u0113rsta b\u0113rnu praktisko darb\u012bbu att\u012bst\u012b\u0161anai, patst\u0101v\u012bbai, aktivit\u0101t\u0113m dab\u0101. B\u0113rni darbojas jomu att\u012bsto\u0161ajos centros (veido\u0161anas, matem\u0101tikas, dabas, te\u0101tra, m\u0101kslas, konstru\u0113\u0161anas u.c.).<\/li>\n<\/ul>\n<p style=\"text-align: center;\"><strong><u>Dienas re\u017e\u012bms<\/u><\/strong><\/p>\n<p style=\"text-align: center;\"><strong>Grup\u0101 \u201cC\u0101l\u0113ni\u201d<\/strong><\/p>\n<p>&nbsp;<\/p>\n<p>B\u0113rnu pie\u0146em\u0161ana, individ.darbs\u00a0\u00a0\u00a0\u00a0\u00a0\u00a0 \u00a0\u00a0\u00a0\u00a0\u00a0\u00a0\u00a0\u00a0\u00a0 7:00-8:05<\/p>\n<p>R\u012bta aplis\u00a0\u00a0\u00a0\u00a0\u00a0 \u00a0\u00a0\u00a0\u00a0\u00a0\u00a0\u00a0\u00a0\u00a0\u00a0\u00a0\u00a0\u00a0\u00a0\u00a0\u00a0\u00a0\u00a0\u00a0\u00a0\u00a0\u00a0\u00a0\u00a0\u00a0\u00a0\u00a0\u00a0\u00a0\u00a0\u00a0\u00a0\u00a0\u00a0\u00a0\u00a0\u00a0\u00a0\u00a0\u00a0\u00a0\u00a0\u00a0\u00a0\u00a0\u00a0\u00a0\u00a0\u00a08:05-8:12<\/p>\n<p>R\u012bta rosme\u00a0\u00a0\u00a0\u00a0\u00a0\u00a0 \u00a0\u00a0\u00a0\u00a0\u00a0\u00a0\u00a0\u00a0\u00a0\u00a0\u00a0\u00a0\u00a0\u00a0\u00a0\u00a0\u00a0\u00a0\u00a0\u00a0\u00a0\u00a0\u00a0\u00a0\u00a0\u00a0\u00a0\u00a0\u00a0\u00a0\u00a0\u00a0\u00a0\u00a0\u00a0\u00a0\u00a0\u00a0\u00a0\u00a0\u00a0\u00a0\u00a0\u00a08:15-8:23<\/p>\n<p><strong>Brokastis<\/strong>\u00a0\u00a0\u00a0\u00a0\u00a0\u00a0\u00a0 \u00a0\u00a0\u00a0\u00a0\u00a0\u00a0\u00a0\u00a0\u00a0\u00a0\u00a0\u00a0\u00a0\u00a0\u00a0\u00a0\u00a0\u00a0\u00a0\u00a0\u00a0\u00a0\u00a0\u00a0\u00a0\u00a0\u00a0\u00a0\u00a0\u00a0\u00a0\u00a0\u00a0\u00a0\u00a0\u00a0\u00a0\u00a0\u00a0\u00a0\u00a0\u00a0\u00a0\u00a08:28-8:45<\/p>\n<p>Rota\u013cnodarb\u012bbas\u00a0\u00a0\u00a0\u00a0\u00a0\u00a0\u00a0\u00a0\u00a0 \u00a0\u00a0\u00a0\u00a0\u00a0\u00a0\u00a0\u00a0\u00a0\u00a0\u00a0\u00a0\u00a0\u00a0\u00a0\u00a0\u00a0\u00a0\u00a0\u00a0\u00a0\u00a0\u00a0\u00a0\u00a0\u00a0\u00a0\u00a0\u00a0\u00a0 \u00a08:50-10:30<\/p>\n<p>Sagat.pastaigai, pastaiga \u00a0\u00a0\u00a0\u00a0\u00a0\u00a0\u00a0\u00a0\u00a0\u00a0\u00a0\u00a0\u00a0\u00a0\u00a0\u00a0\u00a0\u00a0\u00a0\u00a0\u00a0\u00a0\u00a0\u00a0\u00a0\u00a0\u00a0\u00a010:35-11:55<\/p>\n<p>\/sliktu laika apst\u0101k\u013cu gad\u012bjum\u0101<\/p>\n<p>tiek organiz\u0113tas aktivit\u0101tes z\u0101l\u0113\/<\/p>\n<p><strong>\u00a0<\/strong><\/p>\n<p><strong>Pusdienas<\/strong>\u00a0\u00a0\u00a0\u00a0\u00a0\u00a0 \u00a0\u00a0\u00a0\u00a0\u00a0\u00a0\u00a0\u00a0\u00a0\u00a0\u00a0\u00a0\u00a0\u00a0\u00a0\u00a0\u00a0\u00a0\u00a0\u00a0\u00a0\u00a0\u00a0\u00a0\u00a0\u00a0\u00a0\u00a0\u00a0\u00a0\u00a0\u00a0\u00a0\u00a0\u00a0\u00a0\u00a0\u00a0\u00a0\u00a0\u00a0 12:00-12:30<\/p>\n<p>Sagat.atp\u016btai, atp\u016bta\u00a0\u00a0\u00a0 \u00a0\u00a0\u00a0\u00a0\u00a0\u00a0\u00a0\u00a0\u00a0\u00a0 \u00a0\u00a0\u00a0\u00a0\u00a0\u00a0\u00a0\u00a0\u00a0\u00a0\u00a0\u00a0\u00a0\u00a0\u00a0\u00a0\u00a0\u00a0L\u012bdz 14:50<\/p>\n<p>Cel\u0161an\u0101s, gaisa proced\u016bras\u00a0\u00a0\u00a0\u00a0 \u00a0 \u00a0\u00a0\u00a0\u00a0\u00a0\u00a0\u00a0\u00a0\u00a0\u00a0\u00a0\u00a0\u00a0\u00a0\u00a014:50-15:05<\/p>\n<p><strong>Launags<\/strong>\u00a0\u00a0\u00a0\u00a0\u00a0\u00a0\u00a0\u00a0 \u00a0 \u00a0\u00a0\u00a0\u00a0\u00a0\u00a0\u00a0\u00a0\u00a0\u00a0\u00a0\u00a0\u00a0\u00a0\u00a0\u00a0\u00a0\u00a0\u00a0\u00a0\u00a0\u00a0\u00a0\u00a0\u00a0\u00a0\u00a0\u00a0\u00a0\u00a0\u00a0\u00a0\u00a0\u00a0\u00a0\u00a0\u00a0\u00a0\u00a0\u00a0\u00a0\u00a015:15-15:35<\/p>\n<p>Vakara aplis, pastaiga \u00a0\u00a0\u00a0\u00a0\u00a0\u00a0\u00a0\u00a0\u00a0\u00a0\u00a0\u00a0\u00a0\u00a0\u00a0\u00a0\u00a0\u00a0\u00a0\u00a0\u00a0\u00a0\u00a0\u00a0\u00a0\u00a0\u00a0\u00a0\u00a0\u00a0\u00a0L\u012bdz 18:00<\/p>\n<p>ja ir labie laika apst\u0101k\u013ci, sp\u0113les,<\/p>\n<p>individu\u0101lais darbs.<\/p>\n<p style=\"text-align: center;\">\n<p style=\"text-align: center;\"><strong>Nodarb\u012bbu t\u012bkls \u2018\u2019C\u0100L\u0112NI\u2019\u2019<\/strong><\/p>\n<p style=\"text-align: center;\"><strong>2025.\/2026.m.g.<\/strong><\/p>\n<table width=\"0\">\n<tbody>\n<tr>\n<td colspan=\"5\" width=\"1030\">R\u012bta aplis<strong> 8:05<\/strong><\/td>\n<\/tr>\n<tr>\n<td colspan=\"5\" width=\"1030\">\u00a0\u00a0\u00a0\u00a0\u00a0\u00a0\u00a0\u00a0\u00a0\u00a0\u00a0\u00a0\u00a0\u00a0\u00a0\u00a0\u00a0\u00a0\u00a0\u00a0\u00a0\u00a0\u00a0\u00a0\u00a0 R\u012bta rosme<strong> 8:15-8:23<\/strong><\/td>\n<\/tr>\n<tr>\n<td width=\"198\"><em>\u00a0<\/em><\/p>\n<p><em>Pirmdiena<\/em><\/td>\n<td width=\"217\"><em>\u00a0<\/em><\/p>\n<p><em>Otrdiena<\/em><\/td>\n<td width=\"227\"><em>\u00a0<\/em><\/p>\n<p><em>Tre\u0161diena<\/em><\/td>\n<td width=\"189\"><em>\u00a0<\/em><\/p>\n<p><em>Ceturtdiena<\/em><\/td>\n<td width=\"200\"><em>\u00a0<\/em><\/p>\n<p><em>Piektdiena<\/em><\/td>\n<\/tr>\n<tr>\n<td width=\"198\">8:50- 9:10\u00a0 Daba<\/td>\n<td width=\"217\">8:50- 9:10\u00a0 Apk\u0101rtne<\/td>\n<td width=\"227\">8:50-9:10 Matem\u0101tika<\/td>\n<td width=\"189\">8:50-8:55 <em>Artikul\u0101cijas vingrin\u0101jumi<\/em><\/p>\n<p><strong>9:00 -9:20\u00a0 M\u016bzika z\u0101l\u0113<\/strong><\/td>\n<td width=\"200\">8:50- 9:10 <strong>\u00a0\u00a0<\/strong>Literat\u016bra<\/p>\n<p><strong>\u00a0<\/strong><\/td>\n<\/tr>\n<tr>\n<td width=\"198\">9:15-9:35\u00a0\u00a0 Veido\u0161ana<\/td>\n<td width=\"217\">9:15-09:35<strong>\u00a0 <\/strong>Aplic\u0113\u0161ana<\/td>\n<td width=\"227\"><strong>9:15-9:35\u00a0 Sports z\u0101l\u0113<\/strong><\/td>\n<td width=\"189\">9:25- 9:45 Runa<\/p>\n<p><strong>\u00a0<\/strong><\/td>\n<td width=\"200\">9:15 \u2013 9:35 \u00a0Z\u012bm\u0113\u0161ana<\/p>\n<p><strong>\u00a0<\/strong><\/td>\n<\/tr>\n<tr>\n<td width=\"198\"><strong>9:45\u00a0 <\/strong><em>d\u0101rze\u0146i + \u016bdens<\/em><\/td>\n<td width=\"217\"><strong>9:45-9:55 <\/strong><em>\u016bdens +d\u0101rze\u0146i<\/em><\/td>\n<td width=\"227\"><strong>9:40-9:50<\/strong><em>\u016bdens +d\u0101rze\u0146i <\/em><\/td>\n<td width=\"189\"><strong>9:50\u00a0 <\/strong><em>d\u0101rze\u0146i + \u016bdens<\/em><\/td>\n<td width=\"200\"><strong>9:45-10:05 \u00a0Sports z\u0101l\u0113<\/strong><\/td>\n<\/tr>\n<tr>\n<td width=\"198\">10:00 -10:30<strong>\u00a0\u00a0 \u00a0\u00a0\u00a0\u00a0\u00a0\u00a0\u00a0\u00a0\u00a0\u00a0\u00a0\u00a0<\/strong><\/p>\n<p><strong>\u00a0\u00a0\u00a0\u00a0\u00a0\u00a0\u00a0\u00a0\u00a0\u00a0\u00a0\u00a0\u00a0 <\/strong>Rokdarbi<\/td>\n<td width=\"217\"><strong>10:10-10:30<\/strong><\/p>\n<p><strong>M\u016bzika z\u0101le<\/strong><\/p>\n<p>&nbsp;<\/td>\n<td width=\"227\">10:05-10:30\u00a0 Rakst\u012bt prasmju vingrin\u0101jumi \/ r\u0113\u0137inpr\u0101t\u012bbas uzdevumi<\/td>\n<td width=\"189\">10:05-10:25<\/p>\n<p>Konstru\u0113\u0161ana<\/p>\n<p>&nbsp;<\/td>\n<td width=\"200\"><strong>10:10 <\/strong><em>\u016adens + d\u0101rze\u0146i<\/em><\/p>\n<p>&nbsp;<\/td>\n<\/tr>\n<tr>\n<td colspan=\"5\" width=\"1030\"><strong>10:35\u00a0\u00a0\u00a0\u00a0 <\/strong>SAGATAVO\u0160ANAS PASTAIGAI!<\/td>\n<\/tr>\n<tr>\n<td width=\"198\"><em>Sporta aktivit\u0101tes pastaigas laik\u0101<\/em><\/p>\n<p><strong>\u00a0<\/strong><\/td>\n<td width=\"217\">11:00 \u2013 11:20 <strong>Sports\u00a0 laukum\u0101 <\/strong><\/td>\n<td width=\"227\"><strong>\u00a0<\/strong><\/td>\n<td width=\"189\"><em>Sporta aktivit\u0101tes pastaigas laik\u0101<\/em><\/p>\n<p><strong>\u00a0<\/strong><\/td>\n<td width=\"200\">10:20-10:30 <em>Artikul\u0101cijas vingrin\u0101jumi<\/em><\/td>\n<\/tr>\n<tr>\n<td width=\"198\"><strong>11:20 Dejas z\u0101l\u0113 <\/strong><em>(pulci\u0146\u0161)<\/em><\/td>\n<td width=\"217\"><strong>\u00a0<\/strong><\/td>\n<td width=\"227\"><strong>11:20 Dejas z\u0101l\u0113 <\/strong>(pulci\u0146\u0161)<\/td>\n<td width=\"189\">&nbsp;<\/td>\n<td width=\"200\"><strong>\u00a0<\/strong><\/td>\n<\/tr>\n<tr>\n<td width=\"198\">14:55-15:10 Vesel\u012bbas m\u0101c\u012bba grup\u0101<\/p>\n<p><strong>\u00a0<\/strong><\/td>\n<td width=\"217\"><strong>15:45-16:05\u00a0 Ritmika z\u0101l\u0113<\/strong><\/p>\n<p><strong>\u00a0<\/strong><\/td>\n<td width=\"227\"><strong>\u00a0<\/strong><\/p>\n<p><strong>\u00a0<\/strong><\/td>\n<td width=\"189\"><strong>\u00a0<\/strong><\/td>\n<td width=\"200\"><strong>15:40-15:55 Ritmika z\u0101l\u0113<\/strong><\/p>\n<p><strong>\u00a0<\/strong><\/p>\n<p><strong>\u00a0<\/strong><\/td>\n<\/tr>\n<tr>\n<td width=\"198\"><em>16:00-16:20 valodas satura lapa<\/em><\/td>\n<td width=\"217\"><em>16:00-16:20 valodas satura lapa<\/em><\/td>\n<td width=\"227\">16:00-16:20 valodas jomas satura lapa<em> (vingrin\u0101jumi ar ska\u0146u izrunu).<\/em><\/td>\n<td width=\"189\">16:00-16:20 valodas jomas satura lapa<em> (vingrin\u0101jumi ar ska\u0146u izrunu).<\/em><\/p>\n<p>&nbsp;<\/td>\n<td width=\"200\"><em>16:00-16:20 valodas satura lapa<\/em><\/td>\n<\/tr>\n<\/tbody>\n<\/table>\n<p style=\"text-align: center;\"><strong>\u00a0<\/strong><\/p>\n<p>&nbsp;<\/p>\n<p style=\"text-align: center;\"><strong><em>Latvijas patriotisma audzin\u0101\u0161anas\u00a0 st\u016br\u012btis<\/em><\/strong><\/p>\n<p><img loading=\"lazy\" decoding=\"async\" class=\"aligncenter size-full wp-image-7831\" src=\"http:\/\/varaviksne.rezeknesip.lv\/wp-content\/uploads\/2022\/02\/031.jpg\" alt=\"\" width=\"969\" height=\"954\" srcset=\"https:\/\/varaviksne.rezeknesip.lv\/wp-content\/uploads\/2022\/02\/031.jpg 969w, https:\/\/varaviksne.rezeknesip.lv\/wp-content\/uploads\/2022\/02\/031-300x295.jpg 300w, https:\/\/varaviksne.rezeknesip.lv\/wp-content\/uploads\/2022\/02\/031-768x756.jpg 768w, https:\/\/varaviksne.rezeknesip.lv\/wp-content\/uploads\/2022\/02\/031-24x24.jpg 24w, https:\/\/varaviksne.rezeknesip.lv\/wp-content\/uploads\/2022\/02\/031-36x36.jpg 36w, https:\/\/varaviksne.rezeknesip.lv\/wp-content\/uploads\/2022\/02\/031-48x48.jpg 48w\" sizes=\"auto, (max-width: 969px) 100vw, 969px\" \/><\/p>\n<p style=\"text-align: center;\"><strong><em>Grupas \u201cC\u0101l\u0113ni\u201d noteikumi<\/em><\/strong><\/p>\n<figure id=\"attachment_16033\" aria-describedby=\"caption-attachment-16033\" style=\"width: 2560px\" class=\"wp-caption aligncenter\"><img loading=\"lazy\" decoding=\"async\" class=\"size-full wp-image-16033\" src=\"http:\/\/varaviksne.rezeknesip.lv\/wp-content\/uploads\/2024\/09\/IMG_20240709_155809_edit_339023043108162-scaled.jpg\" alt=\"\" width=\"2560\" height=\"2192\" srcset=\"https:\/\/varaviksne.rezeknesip.lv\/wp-content\/uploads\/2024\/09\/IMG_20240709_155809_edit_339023043108162-scaled.jpg 2560w, https:\/\/varaviksne.rezeknesip.lv\/wp-content\/uploads\/2024\/09\/IMG_20240709_155809_edit_339023043108162-300x257.jpg 300w, https:\/\/varaviksne.rezeknesip.lv\/wp-content\/uploads\/2024\/09\/IMG_20240709_155809_edit_339023043108162-1024x877.jpg 1024w, https:\/\/varaviksne.rezeknesip.lv\/wp-content\/uploads\/2024\/09\/IMG_20240709_155809_edit_339023043108162-768x658.jpg 768w, https:\/\/varaviksne.rezeknesip.lv\/wp-content\/uploads\/2024\/09\/IMG_20240709_155809_edit_339023043108162-1536x1315.jpg 1536w, https:\/\/varaviksne.rezeknesip.lv\/wp-content\/uploads\/2024\/09\/IMG_20240709_155809_edit_339023043108162-2048x1754.jpg 2048w, https:\/\/varaviksne.rezeknesip.lv\/wp-content\/uploads\/2024\/09\/IMG_20240709_155809_edit_339023043108162-24x21.jpg 24w, https:\/\/varaviksne.rezeknesip.lv\/wp-content\/uploads\/2024\/09\/IMG_20240709_155809_edit_339023043108162-36x31.jpg 36w, https:\/\/varaviksne.rezeknesip.lv\/wp-content\/uploads\/2024\/09\/IMG_20240709_155809_edit_339023043108162-48x41.jpg 48w\" sizes=\"auto, (max-width: 2560px) 100vw, 2560px\" \/><figcaption id=\"caption-attachment-16033\" class=\"wp-caption-text\">qrf<\/figcaption><\/figure>\n<p>&nbsp;<\/p>\n<p style=\"text-align: center;\"><strong><em>,,Dabas\u201d st\u016br\u012btis&#8221;<\/em><\/strong><\/p>\n<p><img loading=\"lazy\" decoding=\"async\" class=\"aligncenter size-full wp-image-7851\" src=\"http:\/\/varaviksne.rezeknesip.lv\/wp-content\/uploads\/2022\/02\/20220201_134048.jpg\" alt=\"\" width=\"3933\" height=\"2026\" srcset=\"https:\/\/varaviksne.rezeknesip.lv\/wp-content\/uploads\/2022\/02\/20220201_134048.jpg 3933w, https:\/\/varaviksne.rezeknesip.lv\/wp-content\/uploads\/2022\/02\/20220201_134048-300x155.jpg 300w, https:\/\/varaviksne.rezeknesip.lv\/wp-content\/uploads\/2022\/02\/20220201_134048-768x396.jpg 768w, https:\/\/varaviksne.rezeknesip.lv\/wp-content\/uploads\/2022\/02\/20220201_134048-1024x527.jpg 1024w, https:\/\/varaviksne.rezeknesip.lv\/wp-content\/uploads\/2022\/02\/20220201_134048-24x12.jpg 24w, https:\/\/varaviksne.rezeknesip.lv\/wp-content\/uploads\/2022\/02\/20220201_134048-36x19.jpg 36w, https:\/\/varaviksne.rezeknesip.lv\/wp-content\/uploads\/2022\/02\/20220201_134048-48x25.jpg 48w\" sizes=\"auto, (max-width: 3933px) 100vw, 3933px\" \/><\/p>\n<p><img loading=\"lazy\" decoding=\"async\" class=\"aligncenter size-full wp-image-7834\" src=\"http:\/\/varaviksne.rezeknesip.lv\/wp-content\/uploads\/2022\/02\/034.jpg\" alt=\"\" width=\"601\" height=\"801\" srcset=\"https:\/\/varaviksne.rezeknesip.lv\/wp-content\/uploads\/2022\/02\/034.jpg 601w, https:\/\/varaviksne.rezeknesip.lv\/wp-content\/uploads\/2022\/02\/034-225x300.jpg 225w, https:\/\/varaviksne.rezeknesip.lv\/wp-content\/uploads\/2022\/02\/034-18x24.jpg 18w, https:\/\/varaviksne.rezeknesip.lv\/wp-content\/uploads\/2022\/02\/034-27x36.jpg 27w, https:\/\/varaviksne.rezeknesip.lv\/wp-content\/uploads\/2022\/02\/034-36x48.jpg 36w\" sizes=\"auto, (max-width: 601px) 100vw, 601px\" \/> <img loading=\"lazy\" decoding=\"async\" class=\"aligncenter size-full wp-image-7835\" src=\"http:\/\/varaviksne.rezeknesip.lv\/wp-content\/uploads\/2022\/02\/033.jpg\" alt=\"\" width=\"581\" height=\"775\" srcset=\"https:\/\/varaviksne.rezeknesip.lv\/wp-content\/uploads\/2022\/02\/033.jpg 581w, https:\/\/varaviksne.rezeknesip.lv\/wp-content\/uploads\/2022\/02\/033-225x300.jpg 225w, https:\/\/varaviksne.rezeknesip.lv\/wp-content\/uploads\/2022\/02\/033-18x24.jpg 18w, https:\/\/varaviksne.rezeknesip.lv\/wp-content\/uploads\/2022\/02\/033-27x36.jpg 27w, https:\/\/varaviksne.rezeknesip.lv\/wp-content\/uploads\/2022\/02\/033-36x48.jpg 36w\" sizes=\"auto, (max-width: 581px) 100vw, 581px\" \/><\/p>\n<p><strong><em>\u00a0\u00a0 <\/em><\/strong><\/p>\n<p style=\"text-align: center;\"><strong><em>\u00a0\u00a0\u00a0\u00a0\u00a0\u00a0\u00a0 <\/em><\/strong><strong><em>\u201cRun\u0101jo\u0161a siena\u201d<\/em><\/strong><\/p>\n<p><img loading=\"lazy\" decoding=\"async\" class=\" wp-image-12496 aligncenter\" src=\"http:\/\/varaviksne.rezeknesip.lv\/wp-content\/uploads\/2023\/09\/IMG_5464-1-300x196.jpeg\" alt=\"\" width=\"713\" height=\"466\" srcset=\"https:\/\/varaviksne.rezeknesip.lv\/wp-content\/uploads\/2023\/09\/IMG_5464-1-300x196.jpeg 300w, https:\/\/varaviksne.rezeknesip.lv\/wp-content\/uploads\/2023\/09\/IMG_5464-1-1024x668.jpeg 1024w, https:\/\/varaviksne.rezeknesip.lv\/wp-content\/uploads\/2023\/09\/IMG_5464-1-768x501.jpeg 768w, https:\/\/varaviksne.rezeknesip.lv\/wp-content\/uploads\/2023\/09\/IMG_5464-1-1536x1002.jpeg 1536w, https:\/\/varaviksne.rezeknesip.lv\/wp-content\/uploads\/2023\/09\/IMG_5464-1-2048x1336.jpeg 2048w, https:\/\/varaviksne.rezeknesip.lv\/wp-content\/uploads\/2023\/09\/IMG_5464-1-24x16.jpeg 24w, https:\/\/varaviksne.rezeknesip.lv\/wp-content\/uploads\/2023\/09\/IMG_5464-1-36x23.jpeg 36w, https:\/\/varaviksne.rezeknesip.lv\/wp-content\/uploads\/2023\/09\/IMG_5464-1-48x31.jpeg 48w\" sizes=\"auto, (max-width: 713px) 100vw, 713px\" \/><\/p>\n<p style=\"text-align: center;\"><strong><em>Valodas centrs<\/em><\/strong><\/p>\n<p>\u00a0\u00a0\u00a0 \u00a0\u00a0\u00a0\u00a0\u00a0\u00a0\u00a0\u00a0\u00a0 <img loading=\"lazy\" decoding=\"async\" class=\"alignnone wp-image-12495\" src=\"http:\/\/varaviksne.rezeknesip.lv\/wp-content\/uploads\/2023\/09\/IMG_5466-1-300x231.jpeg\" alt=\"\" width=\"725\" height=\"558\" srcset=\"https:\/\/varaviksne.rezeknesip.lv\/wp-content\/uploads\/2023\/09\/IMG_5466-1-300x231.jpeg 300w, https:\/\/varaviksne.rezeknesip.lv\/wp-content\/uploads\/2023\/09\/IMG_5466-1-1024x788.jpeg 1024w, https:\/\/varaviksne.rezeknesip.lv\/wp-content\/uploads\/2023\/09\/IMG_5466-1-768x591.jpeg 768w, https:\/\/varaviksne.rezeknesip.lv\/wp-content\/uploads\/2023\/09\/IMG_5466-1-1536x1181.jpeg 1536w, https:\/\/varaviksne.rezeknesip.lv\/wp-content\/uploads\/2023\/09\/IMG_5466-1-2048x1575.jpeg 2048w, https:\/\/varaviksne.rezeknesip.lv\/wp-content\/uploads\/2023\/09\/IMG_5466-1-24x18.jpeg 24w, https:\/\/varaviksne.rezeknesip.lv\/wp-content\/uploads\/2023\/09\/IMG_5466-1-36x28.jpeg 36w, https:\/\/varaviksne.rezeknesip.lv\/wp-content\/uploads\/2023\/09\/IMG_5466-1-48x37.jpeg 48w\" sizes=\"auto, (max-width: 725px) 100vw, 725px\" \/><\/p>\n<p><img loading=\"lazy\" decoding=\"async\" class=\"alignnone wp-image-12497\" src=\"http:\/\/varaviksne.rezeknesip.lv\/wp-content\/uploads\/2023\/09\/IMG_5465-1-227x300.jpeg\" alt=\"\" width=\"845\" height=\"1117\" srcset=\"https:\/\/varaviksne.rezeknesip.lv\/wp-content\/uploads\/2023\/09\/IMG_5465-1-227x300.jpeg 227w, https:\/\/varaviksne.rezeknesip.lv\/wp-content\/uploads\/2023\/09\/IMG_5465-1-768x1014.jpeg 768w, https:\/\/varaviksne.rezeknesip.lv\/wp-content\/uploads\/2023\/09\/IMG_5465-1-1551x2048.jpeg 1551w, https:\/\/varaviksne.rezeknesip.lv\/wp-content\/uploads\/2023\/09\/IMG_5465-1-18x24.jpeg 18w, https:\/\/varaviksne.rezeknesip.lv\/wp-content\/uploads\/2023\/09\/IMG_5465-1-27x36.jpeg 27w, https:\/\/varaviksne.rezeknesip.lv\/wp-content\/uploads\/2023\/09\/IMG_5465-1-36x48.jpeg 36w, https:\/\/varaviksne.rezeknesip.lv\/wp-content\/uploads\/2023\/09\/IMG_5465-1-scaled.jpeg 1939w\" sizes=\"auto, (max-width: 845px) 100vw, 845px\" \/><\/p>\n<p style=\"text-align: center;\"><strong><em>Matem\u0101tikas centrs<\/em><\/strong><\/p>\n<p><img loading=\"lazy\" decoding=\"async\" class=\"aligncenter size-full wp-image-7840\" src=\"http:\/\/varaviksne.rezeknesip.lv\/wp-content\/uploads\/2022\/02\/03M1.jpg\" alt=\"\" width=\"683\" height=\"911\" srcset=\"https:\/\/varaviksne.rezeknesip.lv\/wp-content\/uploads\/2022\/02\/03M1.jpg 683w, https:\/\/varaviksne.rezeknesip.lv\/wp-content\/uploads\/2022\/02\/03M1-225x300.jpg 225w, https:\/\/varaviksne.rezeknesip.lv\/wp-content\/uploads\/2022\/02\/03M1-18x24.jpg 18w, https:\/\/varaviksne.rezeknesip.lv\/wp-content\/uploads\/2022\/02\/03M1-27x36.jpg 27w, https:\/\/varaviksne.rezeknesip.lv\/wp-content\/uploads\/2022\/02\/03M1-36x48.jpg 36w\" sizes=\"auto, (max-width: 683px) 100vw, 683px\" \/><\/p>\n<table style=\"height: 9px;\" width=\"12\">\n<tbody>\n<tr>\n<td width=\"176\"><\/td>\n<td width=\"195\"><\/td>\n<td width=\"187\"><\/td>\n<td width=\"205\"><\/td>\n<td width=\"180\"><\/td>\n<\/tr>\n<tr>\n<td width=\"176\"><\/td>\n<td width=\"195\"><\/td>\n<td width=\"187\"><\/td>\n<td width=\"205\"><\/td>\n<td width=\"180\"><\/td>\n<\/tr>\n<\/tbody>\n<\/table>\n","protected":false},"excerpt":{"rendered":"<p>\u00a0Grupa \u201eC\u0101l\u0113ni\u201d Grup\u0101 str\u0101d\u0101: Oksana Gruznova,\u00a0pirmsskolas skolot\u0101ja; Irina Litvjakova, pirmsskolas skolot\u0101ja; Sintija Vilc\u0101ne, pirmsskolas skolot\u0101ja pal\u012bgs. Grupu apmekl\u0113 4 gadus veci b\u0113rni. Grupas \u201e C\u0101l\u0113ni\u201d dienas gait\u0101s \u012bpa\u0161a v\u0113r\u012bba tiek piev\u0113rsta latvie\u0161u valodas apguvei. Bie\u017ei, k\u0101 l\u012bdzeklis latvie\u0161u valodas apguvei, tiek izmantotas muzik\u0101las rota\u013cas, ar kuru pal\u012bdz\u012bbu tiek att\u012bst\u012btas lingvistisk\u0101s, matem\u0101tisk\u0101s, telpisk\u0101s, saskarsmes un citas [&hellip;]<\/p>\n","protected":false},"author":1,"featured_media":0,"parent":32,"menu_order":0,"comment_status":"closed","ping_status":"closed","template":"","meta":{"footnotes":""},"class_list":["post-254","page","type-page","status-publish","hentry"],"_links":{"self":[{"href":"https:\/\/varaviksne.rezeknesip.lv\/index.php\/wp-json\/wp\/v2\/pages\/254","targetHints":{"allow":["GET"]}}],"collection":[{"href":"https:\/\/varaviksne.rezeknesip.lv\/index.php\/wp-json\/wp\/v2\/pages"}],"about":[{"href":"https:\/\/varaviksne.rezeknesip.lv\/index.php\/wp-json\/wp\/v2\/types\/page"}],"author":[{"embeddable":true,"href":"https:\/\/varaviksne.rezeknesip.lv\/index.php\/wp-json\/wp\/v2\/users\/1"}],"replies":[{"embeddable":true,"href":"https:\/\/varaviksne.rezeknesip.lv\/index.php\/wp-json\/wp\/v2\/comments?post=254"}],"version-history":[{"count":48,"href":"https:\/\/varaviksne.rezeknesip.lv\/index.php\/wp-json\/wp\/v2\/pages\/254\/revisions"}],"predecessor-version":[{"id":20482,"href":"https:\/\/varaviksne.rezeknesip.lv\/index.php\/wp-json\/wp\/v2\/pages\/254\/revisions\/20482"}],"up":[{"embeddable":true,"href":"https:\/\/varaviksne.rezeknesip.lv\/index.php\/wp-json\/wp\/v2\/pages\/32"}],"wp:attachment":[{"href":"https:\/\/varaviksne.rezeknesip.lv\/index.php\/wp-json\/wp\/v2\/media?parent=254"}],"curies":[{"name":"wp","href":"https:\/\/api.w.org\/{rel}","templated":true}]}}