{"id":256,"date":"2018-11-13T08:57:10","date_gmt":"2018-11-13T08:57:10","guid":{"rendered":"http:\/\/varaviksne.rezeknesip.lv\/?page_id=256"},"modified":"2025-12-03T10:58:52","modified_gmt":"2025-12-03T07:58:52","slug":"saulite","status":"publish","type":"page","link":"https:\/\/varaviksne.rezeknesip.lv\/index.php\/grupas\/saulite\/","title":{"rendered":"Saul\u012bte"},"content":{"rendered":"<p style=\"text-align: center;\"><strong>Grupa \u201cSaul\u012bte\u201d<\/strong><\/p>\n<p><img loading=\"lazy\" decoding=\"async\" class=\"aligncenter size-full wp-image-7859\" src=\"http:\/\/varaviksne.rezeknesip.lv\/wp-content\/uploads\/2022\/02\/saule.jpg\" alt=\"\" width=\"225\" height=\"225\" srcset=\"https:\/\/varaviksne.rezeknesip.lv\/wp-content\/uploads\/2022\/02\/saule.jpg 225w, https:\/\/varaviksne.rezeknesip.lv\/wp-content\/uploads\/2022\/02\/saule-150x150.jpg 150w, https:\/\/varaviksne.rezeknesip.lv\/wp-content\/uploads\/2022\/02\/saule-100x100.jpg 100w, https:\/\/varaviksne.rezeknesip.lv\/wp-content\/uploads\/2022\/02\/saule-24x24.jpg 24w, https:\/\/varaviksne.rezeknesip.lv\/wp-content\/uploads\/2022\/02\/saule-36x36.jpg 36w, https:\/\/varaviksne.rezeknesip.lv\/wp-content\/uploads\/2022\/02\/saule-48x48.jpg 48w\" sizes=\"auto, (max-width: 225px) 100vw, 225px\" \/><\/p>\n<p>Grupu apmekl\u0113 b\u0113rni vecum\u0101 no 3 l\u012bdz 4 gadiem. Grupas \u201e Saul\u012btes\u201d dienas gait\u0101s \u012bpa\u0161a v\u0113r\u012bba tiek piev\u0113rsta muzik\u0101laj\u0101m rota\u013c\u0101m. Ar m\u016bzikas pal\u012bdz\u012bbu vienlaikus var att\u012bst\u012bt visus intelekta veidus: valodnieciskais (lingvistiskais) intelekts, lo\u0123iski matem\u0101tiskais intelekts, vizu\u0101li telpiskais intelekts, \u0137erme\u0146a kust\u012bbu (kin\u0113tiskais) intelekts, pa\u0161izpratnes intelekts, saskarsmes intelekts, dabaszin\u0101tniskais\u00a0 intelekts, muzik\u0101lais intelekts. T\u0101d\u0113\u013c katrs r\u012bts grup\u0101 tiek s\u0101kts ar muzik\u0101li kust\u012bg\u0101m rota\u013c\u0101m, kuras tiek izmantotas ar\u012b turpm\u0101k\u0101s dienas gait\u0101 \u2013 rota\u013cnodarb\u012bb\u0101s, pastaig\u0101s, p\u0113cpusdienas c\u0113lienos, br\u012bvajos br\u012b\u017eos.<\/p>\n<p>Netiek aizmirsts par jautrajiem br\u012b\u017eiem, grup\u0101 tiek svin\u0113tas dzim\u0161anas dienas, \u012bpa\u0161i tiek svin\u0113ti valsts un latvie\u0161u tradicion\u0101lie sv\u0113tki, t\u0101di k\u0101, M\u0101rti\u0146i, J\u0101\u0146i, Ziemassv\u0113tki u.c., kuros dal\u012bbu \u0146em ar\u012b citu grupu b\u0113rni, t\u0101 veidojot komunik\u0101ciju un draudz\u012bbu starp grup\u0101m. B\u0113rniem tiek audzin\u0101ta m\u012blest\u012bba pret savu \u0123imeni, dabu un Latviju.<\/p>\n<p>Grup\u0101 b\u0113rni un pedagogi darbojas p\u0113c kompeten\u010du pieejas. M\u0101c\u012bbas\u00a0 notiek integr\u0113ti un caur rota\u013c\u0101m, padarot t\u0101s par pat\u012bkam\u0101ko dienas da\u013cu. M\u0101c\u012bbu process norit visas dienas garum\u0101. T\u0101pat m\u016bsu grup\u0101 b\u0113rniem tiek nodro\u0161in\u0101ta dro\u0161a un att\u012bsto\u0161a m\u0101c\u012bbu vide. Liela uzman\u012bba tiek piev\u0113rsta b\u0113rnu praktisko darb\u012bbu att\u012bst\u012b\u0161anai, patst\u0101v\u012bbai, aktivit\u0101t\u0113m dab\u0101.\u00a0 B\u0113rniem tiek dota iesp\u0113ja darboties jomu att\u012bsto\u0161ajos centros (m\u0101kslas, matem\u0101tikas, dabas, te\u0101tra u.c.).<\/p>\n<p>&nbsp;<\/p>\n<p><em><u>Pirmsskolas skolot\u0101jas:<\/u><\/em><strong>Ilze Dreiska<\/strong><em>\u00a0\u00a0\u00a0\u00a0\u00a0 \u00a0\u00a0t. 26487022<\/em><\/p>\n<p><strong>\u00a0 \u00a0 \u00a0 \u00a0 \u00a0 \u00a0 \u00a0 \u00a0 \u00a0 \u00a0 \u00a0 \u00a0 \u00a0 \u00a0 \u00a0 \u00a0 \u00a0 \u00a0 \u00a0 \u00a0 \u00a0Ineta Urt\u0101ne <\/strong><em>\u00a0 \u00a0t. 26578667<\/em><\/p>\n<p><em>S<u>kolot\u0101ju pal\u012bgs:\u00a0\u00a0 <\/u><\/em><strong>Reg\u012bna Sapo\u017e\u0146ikova<\/strong><em>\u00a0 t. 29796322<\/em><\/p>\n<p><strong>\u00a0<\/strong><\/p>\n<p><strong>\u00a0<\/strong><strong>Dienas re\u017e\u012bms:<\/strong><\/p>\n<p>Pie\u0146em\u0161ana, individ. darbs\u00a0\u00a0 7:00-8:20<\/p>\n<p>R\u012bta rosme\u00a0 8:15-8:23<\/p>\n<p><strong>Brokastis\u00a0 <\/strong>\u00a08:28-8:45<\/p>\n<p>R\u012bta aplis, Rota\u013cnodarb\u012bbas\u00a0 8:50-10:30<\/p>\n<p>Sagat. pastaigai, pastaiga \/sliktu laika apst\u0101k\u013cu gad\u012bjum\u0101 tiek organiz\u0113tas aktivit\u0101tes z\u0101l\u0113\/<\/p>\n<p>10:35-11:55<\/p>\n<p><strong>Pusdienas\u00a0 <\/strong>\u00a012:00-12:30<\/p>\n<p>Sagat. atp\u016btai, atp\u016bta\u00a0\u00a0\u00a0 L\u012bdz 14:50<\/p>\n<p>Cel\u0161an\u0101s, gaisa proced\u016bras\u00a0\u00a0\u00a0 14:50-15:05<\/p>\n<p><strong>Launags\u00a0\u00a0 1<\/strong>5:15-15:35<\/p>\n<p>Vakara aplis, pastaiga ja ir labie laika apst\u0101k\u013ci, sp\u0113les, individu\u0101lais darbs.\u00a0\u00a0 L\u012bdz 18:00<\/p>\n<p>&nbsp;<\/p>\n<p style=\"text-align: center;\"><strong>\u00a0M\u0101c\u012bbu nodarb\u012bbu saraksts grup\u0101 \u201cSaul\u012bte\u201d<\/strong><\/p>\n<p><strong>R\u012bta aplis 8:05<\/strong><\/p>\n<p><strong>R\u012aTA ROSME\u00a0\u00a0 8.15-8.23<\/strong><\/p>\n<table width=\"0\">\n<tbody>\n<tr>\n<td width=\"172\"><strong>Pirmdiena<\/strong><\/td>\n<td colspan=\"2\" width=\"255\"><strong>Otrdiena<\/strong><\/td>\n<td width=\"181\"><strong>Tre\u0161diena<\/strong><\/td>\n<td width=\"196\"><strong>Ceturtdiena<\/strong><\/td>\n<td width=\"171\"><strong>Piektdiena<\/strong><\/td>\n<\/tr>\n<tr>\n<td width=\"172\">9:00 -9:20 Daba<\/td>\n<td colspan=\"2\" width=\"255\">9:00-9:20 Apk\u0101rtne<\/td>\n<td width=\"181\">8:50-9:10 Matem\u0101tika<\/td>\n<td width=\"196\">9:00-9:20 Runa<\/td>\n<td width=\"171\">9:00-9.20 Literat\u016bra<\/td>\n<\/tr>\n<tr>\n<td width=\"172\"><strong>9.30-9:50 Sports z\u0101l\u0113<\/strong><\/td>\n<td colspan=\"2\" width=\"255\">9:25-9:40 Aplic\u0113\u0161ana<\/td>\n<td width=\"181\">9:25-9:45 Rokdarbi<\/td>\n<td width=\"196\"><strong>9.25-9.45 M\u016bzika z\u0101l\u0113<\/strong><\/td>\n<td width=\"171\">9:30-9:50 Z\u012bm\u0113\u0161ana<\/td>\n<\/tr>\n<tr>\n<td width=\"172\"><strong>\u00a0<\/strong><\/td>\n<td colspan=\"2\" rowspan=\"2\" width=\"255\"><strong>\u00a0<\/strong><\/p>\n<p><strong>9:45-10:05 Sports z\u0101l\u0113<\/strong><\/p>\n<p><em>\u00a0<\/em><\/p>\n<p><strong>\u00a0<\/strong><\/td>\n<td width=\"181\"><strong>\u00a0<\/strong><\/td>\n<td width=\"196\"><strong>\u00a0<\/strong><\/td>\n<td width=\"171\"><strong>\u00a0<\/strong><\/td>\n<\/tr>\n<tr>\n<td width=\"172\"><em>\u00a0<\/em><\/p>\n<p><em>9:55-10:05 \u016adens\/d\u0101rze\u0146i<\/em><\/td>\n<td width=\"181\"><em>\u00a0<\/em><\/p>\n<p><em>9:50-10:00 \u016adens\/d\u0101rze\u0146i<\/em><\/td>\n<td width=\"196\"><em>\u00a0<\/em><\/p>\n<p><em>9.55-10:05 \u016adens\/d\u0101rze\u0146i<\/em><\/p>\n<p><em>\u00a0<\/em><\/td>\n<td width=\"171\"><em>\u00a0<\/em><\/p>\n<p><em>9.55-10:05 \u00a0<\/em><\/p>\n<p><em>\u016adens\/d\u0101rzeni<\/em><\/td>\n<\/tr>\n<tr>\n<td width=\"172\">&nbsp;<\/p>\n<p>10:10-10:30 Veido\u0161ana<\/td>\n<td colspan=\"2\" width=\"255\">&nbsp;<\/p>\n<p><em>10:15-10:25 \u00a0\u016adens\/d\u0101rze\u0146i<\/em><\/td>\n<td width=\"181\"><em>\u00a0<\/em><\/p>\n<p><em>10:05-10:30 <\/em><\/p>\n<p><strong>Dabaszin\u0101t\u0146u pulci\u0146\u0161 (I)<\/strong><\/td>\n<td width=\"196\">&nbsp;<\/p>\n<p>10:10-10:30 <em>Valodas jomas satura lapa (ARTIKUL.VINGR.)<\/em><\/p>\n<p>&nbsp;<\/td>\n<td width=\"171\"><strong>\u00a0<\/strong><\/p>\n<p><strong>10:10-10:30M\u016bzika z\u0101l\u0113<\/strong><\/td>\n<\/tr>\n<tr>\n<td colspan=\"6\" width=\"976\">10:35\u00a0\u00a0\u00a0\u00a0\u00a0\u00a0\u00a0\u00a0\u00a0\u00a0\u00a0 SAGATAVO\u0160AN\u0100S \u00a0\u00a0\u00a0\u00a0\u00a0\u00a0\u00a0\u00a0\u00a0\u00a0\u00a0\u00a0\u00a0PASTAIGAI<\/td>\n<\/tr>\n<tr>\n<td width=\"172\"><strong><em>11:30 Dejas (Pulci\u0146\u0161) 02.gr.<\/em><\/strong><\/td>\n<td width=\"217\"><strong><u>\u00a0<\/u><\/strong><\/p>\n<p><strong><u>\u00a0<\/u><\/strong><\/p>\n<p><strong><u>\u00a0<\/u><\/strong><\/p>\n<p><strong>15:00-15:25 Ritmika z\u0101l\u0113<\/strong><\/td>\n<td colspan=\"2\" width=\"219\">11:20-11:40 02.gr. S <em><u>sports laukuma<\/u><\/em><\/p>\n<p><strong><em>11:30 Dejas (Pulci\u0146\u0161) 02.gr.<\/em><\/strong><\/td>\n<td width=\"196\">Sporta aktivit\u0101tes pastaigu laik\u0101<\/td>\n<td width=\"171\">10.55-11.15 Sporta aktivit\u0101tes pastaigu laik\u0101<\/td>\n<\/tr>\n<tr>\n<td width=\"172\">15:45-16:05\u00a0 <em>Valodas jomas satura lapa (v\u0101rdi, dzejo\u013ci, teksts)<\/em><\/p>\n<p>&nbsp;<\/td>\n<td colspan=\"2\" width=\"255\">16:00-16:15 <em>Valodas jomas satura lapa <\/em><em>(v\u0101rdi, dzejo\u013ci, teksts)<\/em><\/p>\n<p>Artikul\u0101cijas vingrinajumi<\/td>\n<td width=\"181\">15:45-16:05 <em>Valodas jomas satura lapa (v\u0101rdi, dzejo\u013ci, teksts)<\/em><\/p>\n<p>Artikul\u0101cijas vingrinajumi<\/td>\n<td width=\"196\">15.40-16.00. Konstru\u0113\u0161ana<\/p>\n<p>&nbsp;<\/p>\n<p><em>16.00 Valodas jomas satura lapa <\/em>Artikul\u0101cijas vingrinajumi<\/td>\n<td width=\"171\"><strong>15.00-15.15 Vesel\u012bbas m\u0101c\u012bba (grup\u0101)<\/strong><\/p>\n<p><strong>\u00a0<\/strong><\/p>\n<p><strong>16.00-16.15 Ritmika z\u0101l\u0113<\/strong><\/td>\n<\/tr>\n<\/tbody>\n<\/table>\n<p><strong>\u00a0<\/strong><\/p>\n<p>&nbsp;<\/p>\n<p style=\"text-align: center;\">Te\u0101tra centrs<\/p>\n<p><img loading=\"lazy\" decoding=\"async\" class=\"size-full wp-image-7860 aligncenter\" src=\"http:\/\/varaviksne.rezeknesip.lv\/wp-content\/uploads\/2022\/02\/IMG_20220201_140654-2.jpg\" alt=\"\" width=\"3968\" height=\"2976\" srcset=\"https:\/\/varaviksne.rezeknesip.lv\/wp-content\/uploads\/2022\/02\/IMG_20220201_140654-2.jpg 3968w, https:\/\/varaviksne.rezeknesip.lv\/wp-content\/uploads\/2022\/02\/IMG_20220201_140654-2-300x225.jpg 300w, https:\/\/varaviksne.rezeknesip.lv\/wp-content\/uploads\/2022\/02\/IMG_20220201_140654-2-768x576.jpg 768w, https:\/\/varaviksne.rezeknesip.lv\/wp-content\/uploads\/2022\/02\/IMG_20220201_140654-2-1024x768.jpg 1024w, https:\/\/varaviksne.rezeknesip.lv\/wp-content\/uploads\/2022\/02\/IMG_20220201_140654-2-24x18.jpg 24w, https:\/\/varaviksne.rezeknesip.lv\/wp-content\/uploads\/2022\/02\/IMG_20220201_140654-2-36x27.jpg 36w, https:\/\/varaviksne.rezeknesip.lv\/wp-content\/uploads\/2022\/02\/IMG_20220201_140654-2-48x36.jpg 48w\" sizes=\"auto, (max-width: 3968px) 100vw, 3968px\" \/><\/p>\n<p style=\"text-align: center;\">Run\u0101jo\u0161\u0101 siena<\/p>\n<p><img loading=\"lazy\" decoding=\"async\" class=\"size-full wp-image-7861 aligncenter\" src=\"http:\/\/varaviksne.rezeknesip.lv\/wp-content\/uploads\/2022\/02\/IMG_20220201_141357.jpg\" alt=\"\" width=\"3968\" height=\"2976\" srcset=\"https:\/\/varaviksne.rezeknesip.lv\/wp-content\/uploads\/2022\/02\/IMG_20220201_141357.jpg 3968w, https:\/\/varaviksne.rezeknesip.lv\/wp-content\/uploads\/2022\/02\/IMG_20220201_141357-300x225.jpg 300w, https:\/\/varaviksne.rezeknesip.lv\/wp-content\/uploads\/2022\/02\/IMG_20220201_141357-768x576.jpg 768w, https:\/\/varaviksne.rezeknesip.lv\/wp-content\/uploads\/2022\/02\/IMG_20220201_141357-1024x768.jpg 1024w, https:\/\/varaviksne.rezeknesip.lv\/wp-content\/uploads\/2022\/02\/IMG_20220201_141357-24x18.jpg 24w, https:\/\/varaviksne.rezeknesip.lv\/wp-content\/uploads\/2022\/02\/IMG_20220201_141357-36x27.jpg 36w, https:\/\/varaviksne.rezeknesip.lv\/wp-content\/uploads\/2022\/02\/IMG_20220201_141357-48x36.jpg 48w\" sizes=\"auto, (max-width: 3968px) 100vw, 3968px\" \/><\/p>\n<p style=\"text-align: center;\"><em>Matem\u0101tikas centrs<\/em><\/p>\n<p><img loading=\"lazy\" decoding=\"async\" class=\"size-full wp-image-7862 aligncenter\" src=\"http:\/\/varaviksne.rezeknesip.lv\/wp-content\/uploads\/2022\/02\/IMG_20220201_141636.jpg\" alt=\"\" width=\"2976\" height=\"3968\" srcset=\"https:\/\/varaviksne.rezeknesip.lv\/wp-content\/uploads\/2022\/02\/IMG_20220201_141636.jpg 2976w, https:\/\/varaviksne.rezeknesip.lv\/wp-content\/uploads\/2022\/02\/IMG_20220201_141636-225x300.jpg 225w, https:\/\/varaviksne.rezeknesip.lv\/wp-content\/uploads\/2022\/02\/IMG_20220201_141636-768x1024.jpg 768w, https:\/\/varaviksne.rezeknesip.lv\/wp-content\/uploads\/2022\/02\/IMG_20220201_141636-18x24.jpg 18w, https:\/\/varaviksne.rezeknesip.lv\/wp-content\/uploads\/2022\/02\/IMG_20220201_141636-27x36.jpg 27w, https:\/\/varaviksne.rezeknesip.lv\/wp-content\/uploads\/2022\/02\/IMG_20220201_141636-36x48.jpg 36w\" sizes=\"auto, (max-width: 2976px) 100vw, 2976px\" \/><\/p>\n<p>&nbsp;<\/p>\n<p style=\"text-align: center;\">Dabas centrs<\/p>\n<p><img loading=\"lazy\" decoding=\"async\" class=\"size-full wp-image-7864 aligncenter\" src=\"http:\/\/varaviksne.rezeknesip.lv\/wp-content\/uploads\/2022\/02\/IMG_20220201_150733.jpg\" alt=\"\" width=\"3968\" height=\"2976\" srcset=\"https:\/\/varaviksne.rezeknesip.lv\/wp-content\/uploads\/2022\/02\/IMG_20220201_150733.jpg 3968w, https:\/\/varaviksne.rezeknesip.lv\/wp-content\/uploads\/2022\/02\/IMG_20220201_150733-300x225.jpg 300w, https:\/\/varaviksne.rezeknesip.lv\/wp-content\/uploads\/2022\/02\/IMG_20220201_150733-768x576.jpg 768w, https:\/\/varaviksne.rezeknesip.lv\/wp-content\/uploads\/2022\/02\/IMG_20220201_150733-1024x768.jpg 1024w, https:\/\/varaviksne.rezeknesip.lv\/wp-content\/uploads\/2022\/02\/IMG_20220201_150733-24x18.jpg 24w, https:\/\/varaviksne.rezeknesip.lv\/wp-content\/uploads\/2022\/02\/IMG_20220201_150733-36x27.jpg 36w, https:\/\/varaviksne.rezeknesip.lv\/wp-content\/uploads\/2022\/02\/IMG_20220201_150733-48x36.jpg 48w\" sizes=\"auto, (max-width: 3968px) 100vw, 3968px\" \/><\/p>\n<p style=\"text-align: center;\"><em>Grupas \u201c<\/em><em>Saul\u012bte<\/em><em>\u201d noteikumi<\/em><\/p>\n<p><img loading=\"lazy\" decoding=\"async\" class=\"size-full wp-image-7865 aligncenter\" src=\"http:\/\/varaviksne.rezeknesip.lv\/wp-content\/uploads\/2022\/02\/IMG_20220201_172539.jpg\" alt=\"\" width=\"2976\" height=\"3968\" srcset=\"https:\/\/varaviksne.rezeknesip.lv\/wp-content\/uploads\/2022\/02\/IMG_20220201_172539.jpg 2976w, https:\/\/varaviksne.rezeknesip.lv\/wp-content\/uploads\/2022\/02\/IMG_20220201_172539-225x300.jpg 225w, https:\/\/varaviksne.rezeknesip.lv\/wp-content\/uploads\/2022\/02\/IMG_20220201_172539-768x1024.jpg 768w, https:\/\/varaviksne.rezeknesip.lv\/wp-content\/uploads\/2022\/02\/IMG_20220201_172539-18x24.jpg 18w, https:\/\/varaviksne.rezeknesip.lv\/wp-content\/uploads\/2022\/02\/IMG_20220201_172539-27x36.jpg 27w, https:\/\/varaviksne.rezeknesip.lv\/wp-content\/uploads\/2022\/02\/IMG_20220201_172539-36x48.jpg 36w\" sizes=\"auto, (max-width: 2976px) 100vw, 2976px\" \/><\/p>\n<table style=\"height: 19px;\" width=\"5\">\n<tbody>\n<tr>\n<td width=\"208\"><\/td>\n<td width=\"207\"><\/td>\n<td width=\"220\"><\/td>\n<td width=\"219\"><\/td>\n<td width=\"197\"><\/td>\n<\/tr>\n<tr>\n<td width=\"208\"><\/td>\n<td width=\"207\"><\/td>\n<td width=\"220\"><\/td>\n<td width=\"219\"><\/td>\n<td width=\"197\"><\/td>\n<\/tr>\n<\/tbody>\n<\/table>\n","protected":false},"excerpt":{"rendered":"<p>Grupa \u201cSaul\u012bte\u201d Grupu apmekl\u0113 b\u0113rni vecum\u0101 no 3 l\u012bdz 4 gadiem. Grupas \u201e Saul\u012btes\u201d dienas gait\u0101s \u012bpa\u0161a v\u0113r\u012bba tiek piev\u0113rsta muzik\u0101laj\u0101m rota\u013c\u0101m. Ar m\u016bzikas pal\u012bdz\u012bbu vienlaikus var att\u012bst\u012bt visus intelekta veidus: valodnieciskais (lingvistiskais) intelekts, lo\u0123iski matem\u0101tiskais intelekts, vizu\u0101li telpiskais intelekts, \u0137erme\u0146a kust\u012bbu (kin\u0113tiskais) intelekts, pa\u0161izpratnes intelekts, saskarsmes intelekts, dabaszin\u0101tniskais\u00a0 intelekts, muzik\u0101lais intelekts. T\u0101d\u0113\u013c katrs r\u012bts [&hellip;]<\/p>\n","protected":false},"author":1,"featured_media":0,"parent":32,"menu_order":0,"comment_status":"closed","ping_status":"closed","template":"","meta":{"footnotes":""},"class_list":["post-256","page","type-page","status-publish","hentry"],"_links":{"self":[{"href":"https:\/\/varaviksne.rezeknesip.lv\/index.php\/wp-json\/wp\/v2\/pages\/256","targetHints":{"allow":["GET"]}}],"collection":[{"href":"https:\/\/varaviksne.rezeknesip.lv\/index.php\/wp-json\/wp\/v2\/pages"}],"about":[{"href":"https:\/\/varaviksne.rezeknesip.lv\/index.php\/wp-json\/wp\/v2\/types\/page"}],"author":[{"embeddable":true,"href":"https:\/\/varaviksne.rezeknesip.lv\/index.php\/wp-json\/wp\/v2\/users\/1"}],"replies":[{"embeddable":true,"href":"https:\/\/varaviksne.rezeknesip.lv\/index.php\/wp-json\/wp\/v2\/comments?post=256"}],"version-history":[{"count":40,"href":"https:\/\/varaviksne.rezeknesip.lv\/index.php\/wp-json\/wp\/v2\/pages\/256\/revisions"}],"predecessor-version":[{"id":20473,"href":"https:\/\/varaviksne.rezeknesip.lv\/index.php\/wp-json\/wp\/v2\/pages\/256\/revisions\/20473"}],"up":[{"embeddable":true,"href":"https:\/\/varaviksne.rezeknesip.lv\/index.php\/wp-json\/wp\/v2\/pages\/32"}],"wp:attachment":[{"href":"https:\/\/varaviksne.rezeknesip.lv\/index.php\/wp-json\/wp\/v2\/media?parent=256"}],"curies":[{"name":"wp","href":"https:\/\/api.w.org\/{rel}","templated":true}]}}