{"id":258,"date":"2018-11-13T08:57:25","date_gmt":"2018-11-13T08:57:25","guid":{"rendered":"http:\/\/varaviksne.rezeknesip.lv\/?page_id=258"},"modified":"2025-12-04T09:54:36","modified_gmt":"2025-12-04T06:54:36","slug":"bitite","status":"publish","type":"page","link":"https:\/\/varaviksne.rezeknesip.lv\/index.php\/grupas\/bitite\/","title":{"rendered":"Bit\u012bte"},"content":{"rendered":"<p style=\"text-align: center; padding-left: 30px;\">Grupa &#8220;Bit\u012bte&#8221;<\/p>\n<p style=\"text-align: center;\">Bit\u012btes kad kop\u0101 n\u0101k,<br \/>\n\u010cakli visas str\u0101d\u0101t s\u0101k.<br \/>\nZin\u0101\u0161anas grib t\u0101s kr\u0101t,<br \/>\nLai var skolas gaitas s\u0101kt.<\/p>\n<p style=\"text-align: center;\">Mums pat\u012bk visu izzin\u0101t un izp\u0113t\u012bt, veicot da\u017e\u0101dus eksperimentus. Mums pat\u012bk darboties kop\u0101 ar skolot\u0101j\u0101m. M\u0113s c\u012bt\u012bgi apg\u016bstam ne tikai dzimto valodu, bet ar\u012b mums tuvas t\u0113mas latvie\u0161u valod\u0101. Mums pat\u012bk, ka da\u017ereiz ari mammas, t\u0113ti, vecm\u0101mi\u0146as un vect\u0113ti\u0146i atn\u0101k ciemos un darbojas kop\u0101 ar mums. M\u0113s m\u0101c\u0101mies dzejo\u013cus daudz un da\u017e\u0101dus. Mums pat\u012bk sp\u0113l\u0113t te\u0101tri un m\u0113s to dar\u0101m \u013coti labi. Mums pat\u012bk svin\u0113t sv\u0113tkus.<br \/>\nUn mums pat\u012bk v\u0113l daudzas lietas\u2026<br \/>\n\u2026t\u0101d\u0113\u013c ir tik jauki kop\u0101 b\u016bt m\u016bsu grup\u0101 \u201eBit\u012bt\u0113\u201d!<\/p>\n<p style=\"text-align: right;\">Pirmsskolas skolot\u0101ja: <strong>Dzintra Bark\u0101ne<\/strong><strong>,<\/strong><\/p>\n<p style=\"text-align: right; padding-left: 30px;\"><strong>Irina Litvjakova.<\/strong><\/p>\n<p style=\"text-align: right;\">Pirmsskolas skolot\u0101ja pal\u012bgs: <strong>Kristina Grabovska<\/strong><\/p>\n<p>Lai apg\u016btu jauno vielu, nostiprin\u0101tu zin\u0101\u0161anas un prasmes, veiktu eksperimentus un rado\u0161os darbus, izgl\u012btojamajiem ir iesp\u0113ja darboties vair\u0101kos m\u0101c\u012bbu centros.<\/p>\n<p><img loading=\"lazy\" decoding=\"async\" class=\"aligncenter size-full wp-image-7848\" src=\"http:\/\/varaviksne.rezeknesip.lv\/wp-content\/uploads\/2022\/02\/111.jpg\" alt=\"\" width=\"3821\" height=\"2070\" srcset=\"https:\/\/varaviksne.rezeknesip.lv\/wp-content\/uploads\/2022\/02\/111.jpg 3821w, https:\/\/varaviksne.rezeknesip.lv\/wp-content\/uploads\/2022\/02\/111-300x163.jpg 300w, https:\/\/varaviksne.rezeknesip.lv\/wp-content\/uploads\/2022\/02\/111-768x416.jpg 768w, https:\/\/varaviksne.rezeknesip.lv\/wp-content\/uploads\/2022\/02\/111-1024x555.jpg 1024w, https:\/\/varaviksne.rezeknesip.lv\/wp-content\/uploads\/2022\/02\/111-24x13.jpg 24w, https:\/\/varaviksne.rezeknesip.lv\/wp-content\/uploads\/2022\/02\/111-36x20.jpg 36w, https:\/\/varaviksne.rezeknesip.lv\/wp-content\/uploads\/2022\/02\/111-48x26.jpg 48w\" sizes=\"auto, (max-width: 3821px) 100vw, 3821px\" \/><\/p>\n<p style=\"text-align: center;\"><img loading=\"lazy\" decoding=\"async\" class=\"aligncenter size-full wp-image-7845\" src=\"http:\/\/varaviksne.rezeknesip.lv\/wp-content\/uploads\/2022\/02\/20220201_131153.jpg\" alt=\"\" width=\"3388\" height=\"1980\" srcset=\"https:\/\/varaviksne.rezeknesip.lv\/wp-content\/uploads\/2022\/02\/20220201_131153.jpg 3388w, https:\/\/varaviksne.rezeknesip.lv\/wp-content\/uploads\/2022\/02\/20220201_131153-300x175.jpg 300w, https:\/\/varaviksne.rezeknesip.lv\/wp-content\/uploads\/2022\/02\/20220201_131153-768x449.jpg 768w, https:\/\/varaviksne.rezeknesip.lv\/wp-content\/uploads\/2022\/02\/20220201_131153-1024x598.jpg 1024w, https:\/\/varaviksne.rezeknesip.lv\/wp-content\/uploads\/2022\/02\/20220201_131153-24x14.jpg 24w, https:\/\/varaviksne.rezeknesip.lv\/wp-content\/uploads\/2022\/02\/20220201_131153-36x21.jpg 36w, https:\/\/varaviksne.rezeknesip.lv\/wp-content\/uploads\/2022\/02\/20220201_131153-48x28.jpg 48w\" sizes=\"auto, (max-width: 3388px) 100vw, 3388px\" \/><\/p>\n<p><img loading=\"lazy\" decoding=\"async\" class=\"aligncenter size-full wp-image-16054\" src=\"http:\/\/varaviksne.rezeknesip.lv\/wp-content\/uploads\/2024\/09\/1726223778892-scaled.jpg\" alt=\"\" width=\"1928\" height=\"2560\" srcset=\"https:\/\/varaviksne.rezeknesip.lv\/wp-content\/uploads\/2024\/09\/1726223778892-scaled.jpg 1928w, https:\/\/varaviksne.rezeknesip.lv\/wp-content\/uploads\/2024\/09\/1726223778892-226x300.jpg 226w, https:\/\/varaviksne.rezeknesip.lv\/wp-content\/uploads\/2024\/09\/1726223778892-771x1024.jpg 771w, https:\/\/varaviksne.rezeknesip.lv\/wp-content\/uploads\/2024\/09\/1726223778892-768x1020.jpg 768w, https:\/\/varaviksne.rezeknesip.lv\/wp-content\/uploads\/2024\/09\/1726223778892-1157x1536.jpg 1157w, https:\/\/varaviksne.rezeknesip.lv\/wp-content\/uploads\/2024\/09\/1726223778892-1542x2048.jpg 1542w, https:\/\/varaviksne.rezeknesip.lv\/wp-content\/uploads\/2024\/09\/1726223778892-18x24.jpg 18w, https:\/\/varaviksne.rezeknesip.lv\/wp-content\/uploads\/2024\/09\/1726223778892-27x36.jpg 27w, https:\/\/varaviksne.rezeknesip.lv\/wp-content\/uploads\/2024\/09\/1726223778892-36x48.jpg 36w\" sizes=\"auto, (max-width: 1928px) 100vw, 1928px\" \/> <img loading=\"lazy\" decoding=\"async\" class=\"aligncenter size-full wp-image-16055\" src=\"http:\/\/varaviksne.rezeknesip.lv\/wp-content\/uploads\/2024\/09\/1726223778876-scaled.jpg\" alt=\"\" width=\"1928\" height=\"2560\" srcset=\"https:\/\/varaviksne.rezeknesip.lv\/wp-content\/uploads\/2024\/09\/1726223778876-scaled.jpg 1928w, https:\/\/varaviksne.rezeknesip.lv\/wp-content\/uploads\/2024\/09\/1726223778876-226x300.jpg 226w, https:\/\/varaviksne.rezeknesip.lv\/wp-content\/uploads\/2024\/09\/1726223778876-771x1024.jpg 771w, https:\/\/varaviksne.rezeknesip.lv\/wp-content\/uploads\/2024\/09\/1726223778876-768x1020.jpg 768w, https:\/\/varaviksne.rezeknesip.lv\/wp-content\/uploads\/2024\/09\/1726223778876-1157x1536.jpg 1157w, https:\/\/varaviksne.rezeknesip.lv\/wp-content\/uploads\/2024\/09\/1726223778876-1542x2048.jpg 1542w, https:\/\/varaviksne.rezeknesip.lv\/wp-content\/uploads\/2024\/09\/1726223778876-18x24.jpg 18w, https:\/\/varaviksne.rezeknesip.lv\/wp-content\/uploads\/2024\/09\/1726223778876-27x36.jpg 27w, https:\/\/varaviksne.rezeknesip.lv\/wp-content\/uploads\/2024\/09\/1726223778876-36x48.jpg 36w\" sizes=\"auto, (max-width: 1928px) 100vw, 1928px\" \/> <img loading=\"lazy\" decoding=\"async\" class=\"aligncenter size-full wp-image-16056\" src=\"http:\/\/varaviksne.rezeknesip.lv\/wp-content\/uploads\/2024\/09\/1726223778865-scaled.jpg\" alt=\"\" width=\"1928\" height=\"2560\" srcset=\"https:\/\/varaviksne.rezeknesip.lv\/wp-content\/uploads\/2024\/09\/1726223778865-scaled.jpg 1928w, https:\/\/varaviksne.rezeknesip.lv\/wp-content\/uploads\/2024\/09\/1726223778865-226x300.jpg 226w, https:\/\/varaviksne.rezeknesip.lv\/wp-content\/uploads\/2024\/09\/1726223778865-771x1024.jpg 771w, https:\/\/varaviksne.rezeknesip.lv\/wp-content\/uploads\/2024\/09\/1726223778865-768x1020.jpg 768w, https:\/\/varaviksne.rezeknesip.lv\/wp-content\/uploads\/2024\/09\/1726223778865-1157x1536.jpg 1157w, https:\/\/varaviksne.rezeknesip.lv\/wp-content\/uploads\/2024\/09\/1726223778865-1542x2048.jpg 1542w, https:\/\/varaviksne.rezeknesip.lv\/wp-content\/uploads\/2024\/09\/1726223778865-18x24.jpg 18w, https:\/\/varaviksne.rezeknesip.lv\/wp-content\/uploads\/2024\/09\/1726223778865-27x36.jpg 27w, https:\/\/varaviksne.rezeknesip.lv\/wp-content\/uploads\/2024\/09\/1726223778865-36x48.jpg 36w\" sizes=\"auto, (max-width: 1928px) 100vw, 1928px\" \/><\/p>\n<p>&nbsp;<\/p>\n<p style=\"text-align: justify; line-height: 15.0pt; background: white; margin: 0cm 0cm 15.0pt 0cm;\"><span style=\"color: #4d4d4d;\">St\u0101dam, r\u016bp\u0113jamies un ruden\u012b nov\u0101cam ra\u017eu m\u016bsu grupas d\u0101rz\u0101.<br \/>\n<\/span><\/p>\n<p><img loading=\"lazy\" decoding=\"async\" class=\"wp-image-529 aligncenter\" src=\"http:\/\/varaviksne.rezeknesip.lv\/wp-content\/uploads\/2019\/10\/4-248x300.jpg\" alt=\"\" width=\"328\" height=\"397\" srcset=\"https:\/\/varaviksne.rezeknesip.lv\/wp-content\/uploads\/2019\/10\/4-248x300.jpg 248w, https:\/\/varaviksne.rezeknesip.lv\/wp-content\/uploads\/2019\/10\/4-20x24.jpg 20w, https:\/\/varaviksne.rezeknesip.lv\/wp-content\/uploads\/2019\/10\/4-30x36.jpg 30w, https:\/\/varaviksne.rezeknesip.lv\/wp-content\/uploads\/2019\/10\/4-40x48.jpg 40w, https:\/\/varaviksne.rezeknesip.lv\/wp-content\/uploads\/2019\/10\/4.jpg 308w\" sizes=\"auto, (max-width: 328px) 100vw, 328px\" \/><\/p>\n<p style=\"line-height: 15.0pt; background: white; margin: 0cm 0cm 15.0pt 0cm;\"><span style=\"color: #4d4d4d;\">Izzin\u0101m dabu <\/span><span style=\"color: #4d4d4d;\">b\u0113rnud\u0101rza teritorij\u0101 un \u0101rpus t\u0101s.<br \/>\nRuden\u012b notiek m\u0101c\u012bbu ekskursija uz An\u010dup\u0101nu me\u017eu.<br \/>\n<\/span><\/p>\n<p><img loading=\"lazy\" decoding=\"async\" class=\"alignnone size-medium wp-image-542 alignleft\" src=\"http:\/\/varaviksne.rezeknesip.lv\/wp-content\/uploads\/2019\/10\/7-230x300.jpg\" alt=\"\" width=\"230\" height=\"300\" srcset=\"https:\/\/varaviksne.rezeknesip.lv\/wp-content\/uploads\/2019\/10\/7-230x300.jpg 230w, https:\/\/varaviksne.rezeknesip.lv\/wp-content\/uploads\/2019\/10\/7-18x24.jpg 18w, https:\/\/varaviksne.rezeknesip.lv\/wp-content\/uploads\/2019\/10\/7-28x36.jpg 28w, https:\/\/varaviksne.rezeknesip.lv\/wp-content\/uploads\/2019\/10\/7-37x48.jpg 37w, https:\/\/varaviksne.rezeknesip.lv\/wp-content\/uploads\/2019\/10\/7.jpg 361w\" sizes=\"auto, (max-width: 230px) 100vw, 230px\" \/> <img loading=\"lazy\" decoding=\"async\" class=\"alignnone size-medium wp-image-543 alignleft\" src=\"http:\/\/varaviksne.rezeknesip.lv\/wp-content\/uploads\/2019\/10\/8-227x300.jpg\" alt=\"\" width=\"227\" height=\"300\" srcset=\"https:\/\/varaviksne.rezeknesip.lv\/wp-content\/uploads\/2019\/10\/8-227x300.jpg 227w, https:\/\/varaviksne.rezeknesip.lv\/wp-content\/uploads\/2019\/10\/8-18x24.jpg 18w, https:\/\/varaviksne.rezeknesip.lv\/wp-content\/uploads\/2019\/10\/8-27x36.jpg 27w, https:\/\/varaviksne.rezeknesip.lv\/wp-content\/uploads\/2019\/10\/8-36x48.jpg 36w, https:\/\/varaviksne.rezeknesip.lv\/wp-content\/uploads\/2019\/10\/8.jpg 367w\" sizes=\"auto, (max-width: 227px) 100vw, 227px\" \/><\/p>\n<p style=\"line-height: 15.0pt; background: white; margin: 0cm 0cm 15.0pt 0cm;\"><span style=\"color: #4d4d4d;\">Lai redz\u0113tu ar ko at\u0161\u0137iras me\u017es no parka, dodamies ekskursij\u0101 uz Rai\u0146a parku. Las\u012bj\u0101m rudens lapas un darin\u0101j\u0101m skaistas p\u016bces.<\/span><\/p>\n<p><img loading=\"lazy\" decoding=\"async\" class=\"alignnone size-medium wp-image-547\" src=\"http:\/\/varaviksne.rezeknesip.lv\/wp-content\/uploads\/2019\/10\/9-227x300.jpg\" alt=\"\" width=\"227\" height=\"300\" srcset=\"https:\/\/varaviksne.rezeknesip.lv\/wp-content\/uploads\/2019\/10\/9-227x300.jpg 227w, https:\/\/varaviksne.rezeknesip.lv\/wp-content\/uploads\/2019\/10\/9-18x24.jpg 18w, https:\/\/varaviksne.rezeknesip.lv\/wp-content\/uploads\/2019\/10\/9-27x36.jpg 27w, https:\/\/varaviksne.rezeknesip.lv\/wp-content\/uploads\/2019\/10\/9-36x48.jpg 36w, https:\/\/varaviksne.rezeknesip.lv\/wp-content\/uploads\/2019\/10\/9.jpg 366w\" sizes=\"auto, (max-width: 227px) 100vw, 227px\" \/> <img loading=\"lazy\" decoding=\"async\" class=\"alignnone size-medium wp-image-548\" src=\"http:\/\/varaviksne.rezeknesip.lv\/wp-content\/uploads\/2019\/10\/10-300x208.jpg\" alt=\"\" width=\"300\" height=\"208\" srcset=\"https:\/\/varaviksne.rezeknesip.lv\/wp-content\/uploads\/2019\/10\/10-300x208.jpg 300w, https:\/\/varaviksne.rezeknesip.lv\/wp-content\/uploads\/2019\/10\/10-24x17.jpg 24w, https:\/\/varaviksne.rezeknesip.lv\/wp-content\/uploads\/2019\/10\/10-36x25.jpg 36w, https:\/\/varaviksne.rezeknesip.lv\/wp-content\/uploads\/2019\/10\/10-48x33.jpg 48w, https:\/\/varaviksne.rezeknesip.lv\/wp-content\/uploads\/2019\/10\/10.jpg 659w\" sizes=\"auto, (max-width: 300px) 100vw, 300px\" \/><\/p>\n<p>Spie\u017eam sulu, gar\u0161ojam maizi ar me\u017ea ogu un prie\u017eu \u010diekuru iev\u0101r\u012bjumu.<\/p>\n<p><img loading=\"lazy\" decoding=\"async\" class=\"alignnone size-medium wp-image-550\" src=\"http:\/\/varaviksne.rezeknesip.lv\/wp-content\/uploads\/2019\/10\/12-209x300.jpg\" alt=\"\" width=\"209\" height=\"300\" srcset=\"https:\/\/varaviksne.rezeknesip.lv\/wp-content\/uploads\/2019\/10\/12-209x300.jpg 209w, https:\/\/varaviksne.rezeknesip.lv\/wp-content\/uploads\/2019\/10\/12-17x24.jpg 17w, https:\/\/varaviksne.rezeknesip.lv\/wp-content\/uploads\/2019\/10\/12-25x36.jpg 25w, https:\/\/varaviksne.rezeknesip.lv\/wp-content\/uploads\/2019\/10\/12-33x48.jpg 33w, https:\/\/varaviksne.rezeknesip.lv\/wp-content\/uploads\/2019\/10\/12.jpg 340w\" sizes=\"auto, (max-width: 209px) 100vw, 209px\" \/> <img loading=\"lazy\" decoding=\"async\" class=\"alignnone size-medium wp-image-551\" src=\"http:\/\/varaviksne.rezeknesip.lv\/wp-content\/uploads\/2019\/10\/13-225x300.jpg\" alt=\"\" width=\"225\" height=\"300\" srcset=\"https:\/\/varaviksne.rezeknesip.lv\/wp-content\/uploads\/2019\/10\/13-225x300.jpg 225w, https:\/\/varaviksne.rezeknesip.lv\/wp-content\/uploads\/2019\/10\/13-18x24.jpg 18w, https:\/\/varaviksne.rezeknesip.lv\/wp-content\/uploads\/2019\/10\/13-27x36.jpg 27w, https:\/\/varaviksne.rezeknesip.lv\/wp-content\/uploads\/2019\/10\/13-36x48.jpg 36w, https:\/\/varaviksne.rezeknesip.lv\/wp-content\/uploads\/2019\/10\/13.jpg 365w\" sizes=\"auto, (max-width: 225px) 100vw, 225px\" \/><\/p>\n<p>M\u0101c\u012bbu proces\u0101 akt\u012bvi izmantojam dabas materi\u0101lu.<\/p>\n<p><img loading=\"lazy\" decoding=\"async\" class=\"alignnone size-medium wp-image-552\" src=\"http:\/\/varaviksne.rezeknesip.lv\/wp-content\/uploads\/2019\/10\/14-235x300.jpg\" alt=\"\" width=\"235\" height=\"300\" srcset=\"https:\/\/varaviksne.rezeknesip.lv\/wp-content\/uploads\/2019\/10\/14-235x300.jpg 235w, https:\/\/varaviksne.rezeknesip.lv\/wp-content\/uploads\/2019\/10\/14-19x24.jpg 19w, https:\/\/varaviksne.rezeknesip.lv\/wp-content\/uploads\/2019\/10\/14-28x36.jpg 28w, https:\/\/varaviksne.rezeknesip.lv\/wp-content\/uploads\/2019\/10\/14-38x48.jpg 38w, https:\/\/varaviksne.rezeknesip.lv\/wp-content\/uploads\/2019\/10\/14.jpg 344w\" sizes=\"auto, (max-width: 235px) 100vw, 235px\" \/> <img loading=\"lazy\" decoding=\"async\" class=\"alignnone size-medium wp-image-553\" src=\"http:\/\/varaviksne.rezeknesip.lv\/wp-content\/uploads\/2019\/10\/15-232x300.jpg\" alt=\"\" width=\"232\" height=\"300\" srcset=\"https:\/\/varaviksne.rezeknesip.lv\/wp-content\/uploads\/2019\/10\/15-232x300.jpg 232w, https:\/\/varaviksne.rezeknesip.lv\/wp-content\/uploads\/2019\/10\/15-19x24.jpg 19w, https:\/\/varaviksne.rezeknesip.lv\/wp-content\/uploads\/2019\/10\/15-28x36.jpg 28w, https:\/\/varaviksne.rezeknesip.lv\/wp-content\/uploads\/2019\/10\/15-37x48.jpg 37w, https:\/\/varaviksne.rezeknesip.lv\/wp-content\/uploads\/2019\/10\/15.jpg 365w\" sizes=\"auto, (max-width: 232px) 100vw, 232px\" \/> <img loading=\"lazy\" decoding=\"async\" class=\"alignnone size-medium wp-image-554\" src=\"http:\/\/varaviksne.rezeknesip.lv\/wp-content\/uploads\/2019\/10\/16-300x219.jpg\" alt=\"\" width=\"300\" height=\"219\" srcset=\"https:\/\/varaviksne.rezeknesip.lv\/wp-content\/uploads\/2019\/10\/16-300x219.jpg 300w, https:\/\/varaviksne.rezeknesip.lv\/wp-content\/uploads\/2019\/10\/16-24x18.jpg 24w, https:\/\/varaviksne.rezeknesip.lv\/wp-content\/uploads\/2019\/10\/16-36x26.jpg 36w, https:\/\/varaviksne.rezeknesip.lv\/wp-content\/uploads\/2019\/10\/16-48x35.jpg 48w, https:\/\/varaviksne.rezeknesip.lv\/wp-content\/uploads\/2019\/10\/16.jpg 599w\" sizes=\"auto, (max-width: 300px) 100vw, 300px\" \/><\/p>\n<p><img loading=\"lazy\" decoding=\"async\" class=\"wp-image-560 alignright\" src=\"http:\/\/varaviksne.rezeknesip.lv\/wp-content\/uploads\/2019\/10\/bite1-264x300.png\" alt=\"\" width=\"145\" height=\"165\" srcset=\"https:\/\/varaviksne.rezeknesip.lv\/wp-content\/uploads\/2019\/10\/bite1-264x300.png 264w, https:\/\/varaviksne.rezeknesip.lv\/wp-content\/uploads\/2019\/10\/bite1-21x24.png 21w, https:\/\/varaviksne.rezeknesip.lv\/wp-content\/uploads\/2019\/10\/bite1-32x36.png 32w, https:\/\/varaviksne.rezeknesip.lv\/wp-content\/uploads\/2019\/10\/bite1-42x48.png 42w, https:\/\/varaviksne.rezeknesip.lv\/wp-content\/uploads\/2019\/10\/bite1.png 616w\" sizes=\"auto, (max-width: 145px) 100vw, 145px\" \/><\/p>\n<p><strong>Nodarb\u012bbu pl\u0101ns gr. \u201cBit\u012bte\u201d<\/strong><\/p>\n<p><strong>\u00a0<\/strong><strong>2025.\/ 2026. m. g.<\/strong><\/p>\n<p><strong>\u00a0<\/strong><\/p>\n<table width=\"0\">\n<tbody>\n<tr>\n<td colspan=\"5\" width=\"1030\">R\u012bta rosme<strong> 7:50-8:00<\/strong><\/td>\n<\/tr>\n<tr>\n<td colspan=\"5\" width=\"1030\">R\u012bta aplis<strong> 8:07<\/strong> \u00a0<em>(VAI PIRMS R\u012aTA ROSMES)<\/em><\/td>\n<\/tr>\n<tr>\n<td width=\"201\"><strong><em>\u00a0<\/em><\/strong><\/p>\n<p><strong><em>Pirmdiena<\/em><\/strong><\/td>\n<td width=\"217\"><strong><em>\u00a0<\/em><\/strong><\/p>\n<p><strong><em>Otrdiena<\/em><\/strong><\/td>\n<td width=\"223\"><strong><em>\u00a0<\/em><\/strong><\/p>\n<p><strong><em>Tre\u0161diena<\/em><\/strong><\/td>\n<td width=\"188\"><strong><em>\u00a0<\/em><\/strong><\/p>\n<p><strong><em>Ceturtdiena<\/em><\/strong><\/td>\n<td width=\"201\"><strong><em>\u00a0<\/em><\/strong><\/p>\n<p><strong><em>Piektdiena<\/em><\/strong><\/td>\n<\/tr>\n<tr>\n<td width=\"201\">8.30-9.00 <strong>Daba<\/strong><\/td>\n<td width=\"217\">8.30-9.00 Apk\u0101rtne<\/td>\n<td width=\"223\"><strong>8.40-9.10 Sports z\u0101l\u0113<\/strong><\/td>\n<td width=\"188\">8.30-9.00 Runa<\/td>\n<td width=\"201\">8.40-9.10 Literat\u016bra<\/td>\n<\/tr>\n<tr>\n<td width=\"201\">9:05-9:35 Veido\u0161ana<\/td>\n<td width=\"217\"><strong>9.10-9.40 M\u016bzika<\/strong><\/td>\n<td width=\"223\">9.15-9.45 Matem\u0101tika<\/td>\n<td width=\"188\">9.10- 9.40 Rokdarbi<\/td>\n<td width=\"201\">9.15-9.45 <strong>Z\u012bm\u0113\u0161ana<\/strong><\/td>\n<\/tr>\n<tr>\n<td width=\"201\"><strong>9:40\u00a0 <\/strong><em>d\u0101rze\u0146i + \u016bdens<\/em><\/td>\n<td width=\"217\"><strong>9:45 <\/strong><em>\u016bdens +d\u0101rze\u0146i<\/em><\/td>\n<td width=\"223\"><strong>9:48 <\/strong><em>\u016bdens +d\u0101rze\u0146i <\/em><\/td>\n<td width=\"188\"><strong>9:45\u00a0 <\/strong><em>d\u0101rze\u0146i + \u016bdens<\/em><\/td>\n<td width=\"201\"><strong>9:50 <\/strong><em>\u016adens + d\u0101rze\u0146i<\/em><\/p>\n<p>&nbsp;<\/td>\n<\/tr>\n<tr>\n<td width=\"201\"><strong>9.55- 10.25 Sports z\u0101l\u0113<\/strong><\/td>\n<td width=\"217\">10.00-10.30 \u00a0Konstru\u0113\u0161ana<\/td>\n<td width=\"223\">10.00-10.30 Aplic\u0113\u0161ana<\/td>\n<td width=\"188\"><strong>10.00<\/strong>SAGATAVO\u0160ANAS PASTAIGAI<\/td>\n<td width=\"201\">10.00-10.30 <strong>Dabaszin\u012bbu pulci\u0146\u0161<\/strong><\/td>\n<\/tr>\n<tr>\n<td colspan=\"3\" width=\"641\"><strong>\u00a0<\/strong><\/p>\n<p><strong>10:35\u00a0\u00a0\u00a0\u00a0 <\/strong>SAGATAVO\u0160ANAS PASTAIGAI!<\/td>\n<td width=\"188\"><strong>\u00a0<\/strong><\/p>\n<p>&#8212;&#8212;&#8211;<\/p>\n<p><strong>\u00a0<\/strong><\/td>\n<td width=\"201\"><strong>\u00a0<\/strong><\/p>\n<p><strong>10:35\u00a0\u00a0\u00a0\u00a0 <\/strong>SAGATAVO\u0160AN\u0100S PASTAIGAI!<\/td>\n<\/tr>\n<tr>\n<td width=\"201\"><em>Sporta aktivit\u0101tes pastaigas laik\u0101<\/em><\/td>\n<td width=\"217\">&nbsp;<\/td>\n<td width=\"223\"><strong>\u00a0<\/strong><\/td>\n<td width=\"188\"><em>Sporta aktivit\u0101tes pastaigas laik\u0101<\/em><\/td>\n<td width=\"201\"><strong>10:55 \u00a0\u2013 11:20<\/strong><\/p>\n<p><strong>Sports\u00a0 laukum\u0101<\/strong><\/td>\n<\/tr>\n<tr>\n<td width=\"201\"><strong>11.50 \u00a0\u00a0Deju pulci\u0146\u0161<\/strong><\/td>\n<td width=\"217\"><strong>12.40\u00a0 <\/strong><strong>Ang\u013cu val. \u00a0pulci\u0146\u0161<\/strong><\/td>\n<td width=\"223\"><strong>11.50 <\/strong><strong>Deju pulci\u0146\u0161<\/strong><\/td>\n<td width=\"188\"><strong>11.35 -12.05 M\u016bzika <\/strong><\/td>\n<td width=\"201\"><strong>\u00a0<\/strong><\/td>\n<\/tr>\n<tr>\n<td width=\"201\"><strong>\u00a0<\/strong><\/td>\n<td width=\"217\"><strong>\u00a0<\/strong><\/td>\n<td width=\"223\"><strong>\u00a0<\/strong><\/td>\n<td width=\"188\"><strong>12.40 <\/strong><strong>Angl. val.<\/strong> <strong>pulci\u0146\u0161<\/strong><\/td>\n<td width=\"201\"><strong>14:45-15:05 <\/strong><\/p>\n<p><strong>\u00a0\u00a0\u00a0\u00a0\u00a0\u00a0\u00a0\u00a0\u00a0\u00a0\u00a0\u00a0\u00a0\u00a0 Ritmika z\u0101l\u0113<\/strong><\/td>\n<\/tr>\n<tr>\n<td width=\"201\">15:40-16:05<\/p>\n<p>Tekstpr\u0101t\u012bbas uzdevumi<\/td>\n<td width=\"217\">Tekstpr\u0101t\u012bbas uzdevumi<\/p>\n<p>&nbsp;<\/td>\n<td width=\"223\"><strong>\u00a0<\/strong>15:40 -16:05<\/p>\n<p>R\u0113\u0137inpr\u0101t\u012bbas uzdevumi<\/td>\n<td width=\"188\">15:35-16:05<\/p>\n<p><strong>\u00a0\u00a0\u00a0\u00a0\u00a0\u00a0\u00a0\u00a0\u00a0\u00a0\u00a0\u00a0\u00a0 Ritmika z\u0101l\u0113<\/strong><\/td>\n<td width=\"201\"><strong>15:40-16:05<\/strong><\/p>\n<p><strong>Vesel\u012bbas m\u0101c. <\/strong><\/td>\n<\/tr>\n<tr>\n<td width=\"201\">16:10-16:20<\/p>\n<p>valodas satura lapa <em>(artikul.ap.vingrin\u0101jumi)<\/em><\/td>\n<td width=\"217\">16:10-16:20<\/p>\n<p>valodas satura lapa<\/p>\n<p><em>(artikul.ap.vingrin\u0101jumi)<\/em><\/td>\n<td width=\"223\">16:10-16:20<\/p>\n<p>valodas jomas satura lapa<em> (vingrin\u0101jumi ar ska\u0146u izrunu).<\/em><\/td>\n<td width=\"188\">16:10-16:20<\/p>\n<p>valodas jomas satura lapa<em> (vingrin\u0101jumi ar ska\u0146u izrunu).<\/em><\/td>\n<td width=\"201\">16:10-16:20<\/p>\n<p>valodas satura lapa <em>(artikul.ap.vingrin\u0101jumi)<\/em><\/td>\n<\/tr>\n<\/tbody>\n<\/table>\n<p><strong>\u00a0<\/strong><\/p>\n<p>Dienas gait\u0101 grup\u0101 <strong>\u201eBit\u012bte\u201d<\/strong><\/p>\n<p>&nbsp;<\/p>\n<p>Pie\u0146em\u0161ana, individ.darbs\u00a0\u00a0\u00a0\u00a0\u00a0 \u00a0\u00a0\u00a0\u00a0\u00a0\u00a0\u00a0\u00a0\u00a0\u00a0 7:00-7:50<\/p>\n<p>R\u012bta rosme\u00a0\u00a0\u00a0\u00a0\u00a0\u00a0 \u00a0\u00a0\u00a0\u00a0\u00a0\u00a0\u00a0\u00a0\u00a0\u00a0\u00a0\u00a0\u00a0\u00a0\u00a0\u00a0\u00a0\u00a0\u00a0\u00a0 \u00a0\u00a0\u00a0\u00a0\u00a0\u00a0\u00a0\u00a0\u00a0\u00a0\u00a0\u00a0\u00a0\u00a07:50-8:00<\/p>\n<p>Brokastis\u00a0\u00a0\u00a0\u00a0\u00a0\u00a0\u00a0\u00a0 \u00a0\u00a0\u00a0\u00a0\u00a0\u00a0\u00a0\u00a0\u00a0\u00a0\u00a0\u00a0\u00a0\u00a0\u00a0\u00a0\u00a0\u00a0\u00a0\u00a0\u00a0\u00a0 \u00a0\u00a0\u00a0\u00a0\u00a0\u00a0\u00a0\u00a0\u00a0\u00a0\u00a0\u00a08:15-8:28<\/p>\n<p>R\u012bta aplis, Rota\u013cnodarb\u012bbas\u00a0\u00a0\u00a0\u00a0 \u00a0\u00a0\u00a0\u00a0\u00a0\u00a0\u00a0\u00a0\u00a0\u00a0 8:30-10:30<\/p>\n<p>Sagat.pastaigai, pastaiga\u00a0\u00a0\u00a0\u00a0\u00a0\u00a0 \u00a0\u00a0\u00a0\u00a0\u00a0\u00a0\u00a0\u00a0\u00a0\u00a0\u00a0\u00a0\u00a010:35-12:05<\/p>\n<p><em>\/sliktu laika apst\u0101k\u013cu gad\u012bjum\u0101 tiek <\/em><\/p>\n<p><em>organiz\u0113tas aktivit\u0101tes grup\u0101 vai z\u0101l\u0113\/\u00a0\u00a0\u00a0\u00a0\u00a0\u00a0\u00a0\u00a0\u00a0\u00a0 <\/em><\/p>\n<p>&nbsp;<\/p>\n<p>Pusdienas\u00a0\u00a0\u00a0\u00a0\u00a0\u00a0\u00a0 \u00a0\u00a0\u00a0\u00a0\u00a0\u00a0\u00a0\u00a0\u00a0\u00a0\u00a0\u00a0\u00a0\u00a0\u00a0\u00a0\u00a0\u00a0 \u00a0\u00a0\u00a0\u00a0\u00a0\u00a0\u00a0\u00a0\u00a0\u00a0\u00a0\u00a0\u00a0\u00a0\u00a0\u00a0\u00a0\u00a0\u00a0\u00a012:10-12:30<\/p>\n<p>Sagat.atp\u016btai, atp\u016bta\u00a0\u00a0 \u00a0\u00a0\u00a0\u00a0\u00a0\u00a0\u00a0\u00a0\u00a0 \u00a0\u00a0\u00a0\u00a0\u00a0\u00a0\u00a0\u00a0\u00a0\u00a0\u00a0\u00a0\u00a0\u00a0\u00a0\u00a0\u00a0\u00a0L\u012bdz 14:45<\/p>\n<p>Cel\u0161an\u0101s, gaisa proced\u016bras\u00a0\u00a0\u00a0\u00a0 \u00a0\u00a0\u00a0\u00a0\u00a0\u00a0\u00a0\u00a0\u00a0\u00a0\u00a0\u00a0\u00a0\u00a0\u00a0\u00a0 14:45-14:55<\/p>\n<p>Launags\u00a0\u00a0\u00a0\u00a0\u00a0\u00a0\u00a0\u00a0\u00a0\u00a0 \u00a0\u00a0\u00a0\u00a0\u00a0\u00a0\u00a0\u00a0\u00a0\u00a0\u00a0\u00a0\u00a0\u00a0\u00a0\u00a0\u00a0\u00a0\u00a0\u00a0\u00a0\u00a0\u00a0\u00a0 \u00a0\u00a0\u00a0\u00a0\u00a0\u00a0\u00a0\u00a0\u00a0\u00a0\u00a0\u00a0\u00a0\u00a0\u00a015:10-15:30<\/p>\n<p>Vakara aplis,<\/p>\n<p>pastaiga ja ir labie laika apst\u0101k\u013ci,<\/p>\n<p>sp\u0113les, individu\u0101lais darbs.\u00a0\u00a0\u00a0\u00a0 \u00a0\u00a0\u00a0\u00a0 \u00a0\u00a0\u00a0\u00a0\u00a0\u00a0\u00a0\u00a0\u00a0\u00a0\u00a0\u00a0L\u012bdz 18:00<\/p>\n<p><em>\u00a0<\/em><\/p>\n<p><em><u>* piektdien\u0101s:<\/u><\/em><\/p>\n<p><em>sagatavo\u0161ana pastaigai, pastaiga\u00a0 10:00-11:20;<\/em><\/p>\n<p><em>1 rota\u013cnodarb\u012bba notiek\u00a0 \u00a0 11:35-12:05<\/em><\/p>\n<p><strong>\u00a0<\/strong><\/p>\n<p><strong>\u00a0<\/strong><\/p>\n<p>&nbsp;<\/p>\n<p>&nbsp;<\/p>\n<p>&nbsp;<\/p>\n<p>&nbsp;<\/p>\n","protected":false},"excerpt":{"rendered":"<p>Grupa &#8220;Bit\u012bte&#8221; Bit\u012btes kad kop\u0101 n\u0101k, \u010cakli visas str\u0101d\u0101t s\u0101k. Zin\u0101\u0161anas grib t\u0101s kr\u0101t, Lai var skolas gaitas s\u0101kt. Mums pat\u012bk visu izzin\u0101t un izp\u0113t\u012bt, veicot da\u017e\u0101dus eksperimentus. Mums pat\u012bk darboties kop\u0101 ar skolot\u0101j\u0101m. M\u0113s c\u012bt\u012bgi apg\u016bstam ne tikai dzimto valodu, bet ar\u012b mums tuvas t\u0113mas latvie\u0161u valod\u0101. Mums pat\u012bk, ka da\u017ereiz ari mammas, t\u0113ti, [&hellip;]<\/p>\n","protected":false},"author":1,"featured_media":0,"parent":32,"menu_order":0,"comment_status":"closed","ping_status":"closed","template":"","meta":{"footnotes":""},"class_list":["post-258","page","type-page","status-publish","hentry"],"_links":{"self":[{"href":"https:\/\/varaviksne.rezeknesip.lv\/index.php\/wp-json\/wp\/v2\/pages\/258","targetHints":{"allow":["GET"]}}],"collection":[{"href":"https:\/\/varaviksne.rezeknesip.lv\/index.php\/wp-json\/wp\/v2\/pages"}],"about":[{"href":"https:\/\/varaviksne.rezeknesip.lv\/index.php\/wp-json\/wp\/v2\/types\/page"}],"author":[{"embeddable":true,"href":"https:\/\/varaviksne.rezeknesip.lv\/index.php\/wp-json\/wp\/v2\/users\/1"}],"replies":[{"embeddable":true,"href":"https:\/\/varaviksne.rezeknesip.lv\/index.php\/wp-json\/wp\/v2\/comments?post=258"}],"version-history":[{"count":46,"href":"https:\/\/varaviksne.rezeknesip.lv\/index.php\/wp-json\/wp\/v2\/pages\/258\/revisions"}],"predecessor-version":[{"id":20478,"href":"https:\/\/varaviksne.rezeknesip.lv\/index.php\/wp-json\/wp\/v2\/pages\/258\/revisions\/20478"}],"up":[{"embeddable":true,"href":"https:\/\/varaviksne.rezeknesip.lv\/index.php\/wp-json\/wp\/v2\/pages\/32"}],"wp:attachment":[{"href":"https:\/\/varaviksne.rezeknesip.lv\/index.php\/wp-json\/wp\/v2\/media?parent=258"}],"curies":[{"name":"wp","href":"https:\/\/api.w.org\/{rel}","templated":true}]}}