{"id":274,"date":"2018-11-13T09:01:12","date_gmt":"2018-11-13T09:01:12","guid":{"rendered":"http:\/\/varaviksne.rezeknesip.lv\/?page_id=274"},"modified":"2025-02-17T11:59:30","modified_gmt":"2025-02-17T08:59:30","slug":"kontakti","status":"publish","type":"page","link":"https:\/\/varaviksne.rezeknesip.lv\/index.php\/kontakti\/","title":{"rendered":"Kontakti"},"content":{"rendered":"<header class=\"entry-header\"><\/header>\r\n<div class=\"entry-content\">\r\n<p><strong>KONTAKTI<\/strong><\/p>\r\n<p style=\"margin: 0cm; margin-bottom: .0001pt; line-height: 150%;\"><strong>R\u0113zeknes pils\u0113tas pirmsskolas izgl\u012bt\u012bbas iest\u0101de \u201eVarav\u012bksne\u201d<\/strong><\/p>\r\n<p style=\"margin: 0cm; margin-bottom: .0001pt; line-height: 150%;\"><strong>Re\u0123. Nr. 40900023848<br \/><\/strong><\/p>\r\n<p style=\"margin: 0cm; margin-bottom: .0001pt; line-height: 150%;\"><strong>\u00a0Adrese: Rai\u0146a iela 17, R\u0113zekne, LV 4601<\/strong><\/p>\r\n<p style=\"margin: 0cm; margin-bottom: .0001pt; line-height: 150%;\"><strong>T\u0101lrunis:\u00a064622831<\/strong><\/p>\r\n<p style=\"margin: 0cm; margin-bottom: .0001pt; line-height: 150%;\"><strong>Vad\u012bt\u0101ja Nata\u013cja Maksimova, t. 28302959<\/strong><b><br \/><strong>E-pasts: varaviksne@rezekne.lv<\/strong><br \/><strong>M\u0101jas lapa: varaviksne.rezeknesip.lv<\/strong><br \/><strong>Darba laiks: darba dien\u0101s 7:00 \u2013 18:00<\/strong><\/b><\/p>\r\n<\/div>\r\n<p><b>Apmekl\u0113t\u0101ju pie\u0146em\u0161anas laiks:<\/b><\/p>\r\n<p>Pirmdien 14.00-18.00<\/p>\r\n<p>Piektdien 8.00-12.00<\/p>\r\n<table class=\"table table-striped table-bordered table-hover width-control\">\r\n<tbody>\r\n<tr>\r\n<th>Augst\u0101ka iest\u0101de<\/th>\r\n<td><a class=\"link\" href=\"https:\/\/iestades.lursoft.lv\/rezeknes-valstspilsetas-pasvaldibas-izglitibas-parvalde\/90000025446\">R\u0113zeknes valstspils\u0113tas pa\u0161vald\u012bbas Izgl\u012bt\u012bbas p\u0101rvalde (re\u0123. Nr. 90000025446)<\/a><\/td>\r\n<\/tr>\r\n<\/tbody>\r\n<\/table>\r\n<div class=\"entry-content\">\r\n<p><img loading=\"lazy\" decoding=\"async\" class=\"alignnone size-medium wp-image-335\" src=\"http:\/\/varaviksne.rezeknesip.lv\/wp-content\/uploads\/2019\/10\/karte_varaviksne-300x266.jpg\" alt=\"\" width=\"300\" height=\"266\" srcset=\"https:\/\/varaviksne.rezeknesip.lv\/wp-content\/uploads\/2019\/10\/karte_varaviksne-300x266.jpg 300w, https:\/\/varaviksne.rezeknesip.lv\/wp-content\/uploads\/2019\/10\/karte_varaviksne-768x681.jpg 768w, https:\/\/varaviksne.rezeknesip.lv\/wp-content\/uploads\/2019\/10\/karte_varaviksne-24x21.jpg 24w, https:\/\/varaviksne.rezeknesip.lv\/wp-content\/uploads\/2019\/10\/karte_varaviksne-36x32.jpg 36w, https:\/\/varaviksne.rezeknesip.lv\/wp-content\/uploads\/2019\/10\/karte_varaviksne-48x43.jpg 48w, https:\/\/varaviksne.rezeknesip.lv\/wp-content\/uploads\/2019\/10\/karte_varaviksne.jpg 852w\" sizes=\"auto, (max-width: 300px) 100vw, 300px\" \/><\/p>\r\n<\/div>\r\n<p>&nbsp;<\/p>\r\n<p>Ziedojumu konts:<\/p>\r\n<p>LV61TREL980201108900B<\/p>\r\n<p>Ziedojumu m\u0113r\u0137is: R\u0113zeknes pils\u0113tas PII &#8220;Varav\u012bskne&#8221;<\/p>\r\n<p>&nbsp;<\/p>\r\n\r\n<p>&nbsp;<\/p>\r\n\r\n\r\n\r\n<figure class=\"wp-block-image size-large\"><img loading=\"lazy\" decoding=\"async\" width=\"726\" height=\"1024\" class=\"wp-image-10461\" src=\"http:\/\/varaviksne.rezeknesip.lv\/wp-content\/uploads\/2023\/01\/DEZ_page-0001-726x1024.jpg\" alt=\"\" srcset=\"https:\/\/varaviksne.rezeknesip.lv\/wp-content\/uploads\/2023\/01\/DEZ_page-0001-726x1024.jpg 726w, https:\/\/varaviksne.rezeknesip.lv\/wp-content\/uploads\/2023\/01\/DEZ_page-0001-213x300.jpg 213w, https:\/\/varaviksne.rezeknesip.lv\/wp-content\/uploads\/2023\/01\/DEZ_page-0001-768x1083.jpg 768w, https:\/\/varaviksne.rezeknesip.lv\/wp-content\/uploads\/2023\/01\/DEZ_page-0001-1090x1536.jpg 1090w, https:\/\/varaviksne.rezeknesip.lv\/wp-content\/uploads\/2023\/01\/DEZ_page-0001-17x24.jpg 17w, https:\/\/varaviksne.rezeknesip.lv\/wp-content\/uploads\/2023\/01\/DEZ_page-0001-26x36.jpg 26w, https:\/\/varaviksne.rezeknesip.lv\/wp-content\/uploads\/2023\/01\/DEZ_page-0001-34x48.jpg 34w, https:\/\/varaviksne.rezeknesip.lv\/wp-content\/uploads\/2023\/01\/DEZ_page-0001.jpg 1240w\" sizes=\"auto, (max-width: 726px) 100vw, 726px\" \/><\/figure>\r\n","protected":false},"excerpt":{"rendered":"<p>KONTAKTI R\u0113zeknes pils\u0113tas pirmsskolas izgl\u012bt\u012bbas iest\u0101de \u201eVarav\u012bksne\u201d Re\u0123. Nr. 40900023848 \u00a0Adrese: Rai\u0146a iela 17, R\u0113zekne, LV 4601 T\u0101lrunis:\u00a064622831 Vad\u012bt\u0101ja Nata\u013cja Maksimova, t. 28302959E-pasts: varaviksne@rezekne.lvM\u0101jas lapa: varaviksne.rezeknesip.lvDarba laiks: darba dien\u0101s 7:00 \u2013 18:00 Apmekl\u0113t\u0101ju pie\u0146em\u0161anas laiks: Pirmdien 14.00-18.00 Piektdien 8.00-12.00 Augst\u0101ka iest\u0101de R\u0113zeknes valstspils\u0113tas pa\u0161vald\u012bbas Izgl\u012bt\u012bbas p\u0101rvalde (re\u0123. Nr. 90000025446) &nbsp; Ziedojumu konts: LV61TREL980201108900B Ziedojumu m\u0113r\u0137is: [&hellip;]<\/p>\n","protected":false},"author":1,"featured_media":0,"parent":0,"menu_order":0,"comment_status":"closed","ping_status":"closed","template":"","meta":{"footnotes":""},"class_list":["post-274","page","type-page","status-publish","hentry"],"_links":{"self":[{"href":"https:\/\/varaviksne.rezeknesip.lv\/index.php\/wp-json\/wp\/v2\/pages\/274","targetHints":{"allow":["GET"]}}],"collection":[{"href":"https:\/\/varaviksne.rezeknesip.lv\/index.php\/wp-json\/wp\/v2\/pages"}],"about":[{"href":"https:\/\/varaviksne.rezeknesip.lv\/index.php\/wp-json\/wp\/v2\/types\/page"}],"author":[{"embeddable":true,"href":"https:\/\/varaviksne.rezeknesip.lv\/index.php\/wp-json\/wp\/v2\/users\/1"}],"replies":[{"embeddable":true,"href":"https:\/\/varaviksne.rezeknesip.lv\/index.php\/wp-json\/wp\/v2\/comments?post=274"}],"version-history":[{"count":15,"href":"https:\/\/varaviksne.rezeknesip.lv\/index.php\/wp-json\/wp\/v2\/pages\/274\/revisions"}],"predecessor-version":[{"id":17761,"href":"https:\/\/varaviksne.rezeknesip.lv\/index.php\/wp-json\/wp\/v2\/pages\/274\/revisions\/17761"}],"wp:attachment":[{"href":"https:\/\/varaviksne.rezeknesip.lv\/index.php\/wp-json\/wp\/v2\/media?parent=274"}],"curies":[{"name":"wp","href":"https:\/\/api.w.org\/{rel}","templated":true}]}}